{"id":876,"date":"2013-04-25T15:20:26","date_gmt":"2013-04-25T15:20:26","guid":{"rendered":"http:\/\/www.matildecamus.com\/?page_id=876"},"modified":"2024-09-30T14:58:52","modified_gmt":"2024-09-30T14:58:52","slug":"lugar-de-matilde-camus","status":"publish","type":"page","link":"https:\/\/www.matildecamus.com\/?page_id=876","title":{"rendered":"Centro Cultural Fernando Ateca. Muestra permanente interactiva Matilde Camus"},"content":{"rendered":"\n<section class=\"wp-block-uagb-columns uagb-columns__wrap uagb-columns__background-none uagb-columns__stack-mobile uagb-columns__valign- uagb-columns__gap-10 align uagb-block-3de09a33 uagb-columns__columns-2 uagb-columns__max_width-theme\"><div class=\"uagb-columns__overlay\"><\/div><div class=\"uagb-columns__inner-wrap uagb-columns__columns-2\">\n<div class=\"wp-block-uagb-column uagb-column__wrap uagb-column__background-undefined uagb-block-aca9929f\"><div class=\"uagb-column__overlay\"><\/div>\n<div style=\"height:54px\" aria-hidden=\"true\" class=\"wp-block-spacer\"><\/div>\n\n\n\n<figure class=\"wp-block-image size-large is-resized\"><a href=\"https:\/\/www.matildecamus.com\/wp-content\/uploads\/2024\/09\/20230704_123842-scaled.jpg\"><img loading=\"lazy\" decoding=\"async\" width=\"1024\" height=\"489\" src=\"https:\/\/www.matildecamus.com\/wp-content\/uploads\/2024\/09\/20230704_123842-1024x489.jpg\" alt=\"\" class=\"wp-image-4743\" style=\"aspect-ratio:1.7959183673469388;width:440px;height:auto\" srcset=\"https:\/\/www.matildecamus.com\/wp-content\/uploads\/2024\/09\/20230704_123842-1024x489.jpg 1024w, https:\/\/www.matildecamus.com\/wp-content\/uploads\/2024\/09\/20230704_123842-300x143.jpg 300w, https:\/\/www.matildecamus.com\/wp-content\/uploads\/2024\/09\/20230704_123842-768x367.jpg 768w, https:\/\/www.matildecamus.com\/wp-content\/uploads\/2024\/09\/20230704_123842-1536x734.jpg 1536w, https:\/\/www.matildecamus.com\/wp-content\/uploads\/2024\/09\/20230704_123842-2048x978.jpg 2048w\" sizes=\"auto, (max-width: 1024px) 100vw, 1024px\" \/><\/a><\/figure>\n\n\n\n<div style=\"height:100px\" aria-hidden=\"true\" class=\"wp-block-spacer\"><\/div>\n<\/div>\n\n\n\n<div class=\"wp-block-uagb-column uagb-column__wrap uagb-column__background-undefined uagb-block-3ad78c7d\"><div class=\"uagb-column__overlay\"><\/div>\n<h5 class=\"wp-block-heading\">Centro Cultural Fernando Ateca: &nbsp;<\/h5>\n\n\n\n<p>La estrecha vinculaci\u00f3n afectiva que <strong>Matilde Camus<\/strong> tuvo hacia el Lugar de Monte,&nbsp; desde su infancia, se plasm\u00f3 en&nbsp; la obra de la poeta, a lo largo de su trayectoria literaria, como he citado anteriormente. A&nbsp;<strong>Monte<\/strong> dedic\u00f3 entra\u00f1ables poemas en muchos de sus libros y le dedic\u00f3 especialmente uno: \u201c<strong>Coral Montesina<\/strong>\u201d. Particip\u00f3 en cuantas ocasiones fue requerida su presencia en recitales u otras manifestaciones ciudadanas.&nbsp;<\/p>\n\n\n\n<p><\/p>\n<\/div>\n<\/div><\/section>\n\n\n\n<h3 class=\"wp-block-heading\"><span style=\"font-size: 1.17em;\">Obra de investigaci\u00f3n Relativa a Monte:<\/span><\/h3>\n\n\n\n<p><strong>&#8211; HISTORIA DEL LUGAR DE MONTE<\/strong>. Ediciones Tant\u00edn. Santander, 1985<\/p>\n\n\n\n<p><strong>&#8211; EFEMERIDES DEL LUGAR DE MONTE.<\/strong> Tomo I. Ediciones Tant\u00edn. Santander 1989.<\/p>\n\n\n\n<p><strong>&#8211; EFEMERIDES DEL LUGAR DE MONTE.<\/strong> Tomo II Ediciones Tant\u00edn. Santander 1995.<\/p>\n\n\n\n<p><\/p>\n\n\n\n<h3 class=\"wp-block-heading\">.Comunicaciones presentadas en Congresos:&nbsp;<\/h3>\n\n\n\n<p>&#8211; <strong>CONCHA MORELL Y NICOLAU, UN GRAN AMOR DE BENITO P\u00c9REZ GALD\u00d3S.<\/strong> Las Palmas de Gran Canaria, 1989&nbsp;<\/p>\n\n\n\n<h3 class=\"wp-block-heading\">&nbsp;Colaboraci\u00f3n con prensa escrita local:<\/h3>\n\n\n\n<p>&#8211; <strong>\u201cBOLET\u00cdN INFORMATIVO\u201d<\/strong>&nbsp;de Monte, Santander<\/p>\n\n\n\n<h3 class=\"wp-block-heading\">Compuso la letra de su himno:<\/h3>\n\n\n\n<p><strong>&#8211; HIMNO AL LUGAR DE MONTE.<\/strong> Maestro Manuel L\u00f3pez Fern\u00e1ndez 1986<\/p>\n\n\n\n<h3 class=\"wp-block-heading\">Homenajes de Monte a Matilde Camus:<\/h3>\n\n\n\n<p>. Pregonera de las Fiestas Patronales de Monte los a\u00f1os <strong>1981, 1982 y 1984<\/strong><\/p>\n\n\n\n<p>. En el a\u00f1o &nbsp;<strong>2003<\/strong> &nbsp;Fue inaugurado el <strong>LUGAR DE MATILDE CAMUS,&nbsp;&nbsp;&nbsp;<\/strong>ubicado en&nbsp;el Sal\u00f3n de Actos de la Casa del Pueblo, por las Asociaciones de Vecinos.&nbsp;&nbsp;A el fueron llegando en distintos momentos las donaciones de Matilde Camus: sus obras completas, algunos manuscritos, cuadernos, apuntes, su m\u00e1quina de escribir, premios, retratos&nbsp; y&nbsp; otros enseres que ten\u00edan que ver con su trayectoria literaria.<\/p>\n\n\n\n<p>. En el a\u00f1o <strong>2005<\/strong>, en las Fiestas Patronales&nbsp;fue nombrada <strong>MONTESINA DE HONOR.<\/strong><\/p>\n\n\n\n<p>. El a\u00f1o 2010 las&nbsp; Asociaciones de Vecinos&nbsp; solicitaron junto a los lugares de Cueto, El Astillero y San Rom\u00e1n la concesi\u00f3n del <strong>TITULO DE HIJA PREDILECTA DE SANTANDER <\/strong>al Exmo. Ayuntamiento de Santander. Con la ayuda de la hija de Matilde Camus.<\/p>\n\n\n\n<p>.<strong> 2012<\/strong> En Monte quiso ser enterrada y Monte la recibi\u00f3 como a hija cubri\u00e9ndola con su bandera y dedic\u00e1ndola un homenaje p\u00f3stumo por medio de su hija Matilde Guis\u00e1ndez, que fu\u00e9 pregonera de sus fiestas&nbsp; Patronales.<\/p>\n\n\n\n<p>Tras su muerte en Abril del &nbsp;<strong>2012,<\/strong> sus herederos quisieron que all\u00ed quedaran depositados la mayor parte de los&nbsp; premios que cosech\u00f3, los cuadros que pintores amigos la hicieron, metopas de homenajes&nbsp; y libros que escritores y poetas contempor\u00e1neos la dedicaron.<\/p>\n\n\n\n<p>.<strong>2013<\/strong> Se solicita al Excmo. Ayuntamiento de Santander, la concesi\u00f3n de un lugar m\u00e1s a prop\u00f3sito para que la obra de la poeta pueda servir de estudio y lugar cultura.<\/p>\n\n\n\n<p>. <strong>2015<\/strong> Se acoge en&nbsp;el Sal\u00f3n de Actos&nbsp; del Centro Cultural Fernando Ateca, la parte de la obra de Matilde Camus m\u00e1s relevante, quedando el Lugar Matilde Camus, con algunas cosas m\u00e1s personales de la poeta e investigadora. Queda abierto al p\u00fablico en Agosto de <strong>2015<\/strong><\/p>\n\n\n\n<p><strong>.2016&nbsp;<\/strong>Se pone el nombre de&nbsp;&nbsp;<strong>Matilde Camus,&nbsp;<\/strong>al&nbsp;<strong>Sal\u00f3n de Actos del Centro Cultural Fernando Ateca, <\/strong>con un Recital a cargo de la hija de la poeta y la presencia de la Concejal de Barrios Do\u00f1a Carmen Ruiz Lav\u00edn.<\/p>\n\n\n\n<p><strong>.2019<\/strong>&#8211; Con motivo del Centenario del nacimiento de Matilde Camus el a\u00f1o, se celebr\u00f3 un Recital, con la presencia de la Alcaldesa de Santander, Do\u00f1a Gema Igual,  distintos concejales, los presidentes de las Asociaciones de vecinos y la participaci\u00f3n del Coro San Pedro del Mar, que enton\u00f3 el himno de Matilde Camus.<\/p>\n\n\n\n<p>.2023.- Se hace una reforma y ampliaci\u00f3n del Centro Cultural Fernando Ateca, dotando de un lugar destacado a la Escritora, poeta e investigadora Matilde Camus, con un sistema interactivo para conocer mejor su obra y exposici\u00f3n  temporal fotogr\u00e1fica de la escritora con figuras relevantes de la \u00e9poca. <\/p>\n\n\n\n<h3 class=\"wp-block-heading\">OBJETIVO DEL SAL\u00d3N DE ACTOS MATILDE CAMUS:<\/h3>\n\n\n\n<p>.Dar a conocer la obra de&nbsp; Matilde Camus y habilitar un espacio para que puedan darse a conocer a otros poetas locales.<\/p>\n\n\n\n<p>. Exposiciones temporales de artistas c\u00e1ntabros: escultura, pintura\u2026<\/p>\n\n\n\n<p>.&nbsp; Tener un espacio destinado al Patrimonio cultural de Santander y de sus cuatro Lugares: Monte, Cueto,&nbsp; Pe\u00f1acastillo y San Rom\u00e1n de la Llanilla.<\/p>\n\n\n\n<p>&#8211; Facilitar material de investigaci\u00f3n a personas que est\u00e9n interesadas en hacer un estudio en profundidad sobre&nbsp; temas de investigaci\u00f3n de Santander y sus cuatro Lugares.<\/p>\n\n\n\n<h3 class=\"wp-block-heading\">&nbsp;COMPROMISO<\/h3>\n\n\n\n<p><strong>&nbsp;<\/strong>La Secretar\u00eda Matilde Camus,&nbsp;se compromete a mejorar y enriquecer este Patrimonio cultural y apoyar cualquier iniciativa que sirva al fin de mejorar los objetivos de este Proyecto.<\/p>\n\n\n\n<section class=\"wp-block-uagb-columns uagb-columns__wrap uagb-columns__background-none uagb-columns__stack-mobile uagb-columns__valign- uagb-columns__gap-10 align uagb-block-3b71d3c1 uagb-columns__columns-3 uagb-columns__max_width-theme\"><div class=\"uagb-columns__overlay\"><\/div><div class=\"uagb-columns__inner-wrap uagb-columns__columns-3\">\n<div class=\"wp-block-uagb-column uagb-column__wrap uagb-column__background-undefined uagb-block-253933bf\"><div class=\"uagb-column__overlay\"><\/div>\n<figure class=\"wp-block-image size-large\"><a href=\"http:\/\/www.matildecamus.com\/wp-content\/uploads\/2021\/01\/2-Exposicion-Cuadros-premios...-scaled.jpg\"><img loading=\"lazy\" decoding=\"async\" width=\"1024\" height=\"582\" src=\"http:\/\/www.matildecamus.com\/wp-content\/uploads\/2021\/01\/2-Exposicion-Cuadros-premios...-1024x582.jpg\" alt=\"\" class=\"wp-image-2316\" srcset=\"https:\/\/www.matildecamus.com\/wp-content\/uploads\/2021\/01\/2-Exposicion-Cuadros-premios...-1024x582.jpg 1024w, https:\/\/www.matildecamus.com\/wp-content\/uploads\/2021\/01\/2-Exposicion-Cuadros-premios...-300x170.jpg 300w, https:\/\/www.matildecamus.com\/wp-content\/uploads\/2021\/01\/2-Exposicion-Cuadros-premios...-768x436.jpg 768w, https:\/\/www.matildecamus.com\/wp-content\/uploads\/2021\/01\/2-Exposicion-Cuadros-premios...-1536x873.jpg 1536w, https:\/\/www.matildecamus.com\/wp-content\/uploads\/2021\/01\/2-Exposicion-Cuadros-premios...-2048x1164.jpg 2048w\" sizes=\"auto, (max-width: 1024px) 100vw, 1024px\" \/><\/a><figcaption class=\"wp-element-caption\">Exposici\u00f3n Cuadros, premios\u2026<\/figcaption><\/figure>\n<\/div>\n\n\n\n<div class=\"wp-block-uagb-column uagb-column__wrap uagb-column__background-undefined uagb-block-ee7c9e7f\"><div class=\"uagb-column__overlay\"><\/div>\n<figure class=\"wp-block-image size-large is-resized\"><a href=\"http:\/\/www.matildecamus.com\/wp-content\/uploads\/2021\/01\/1-Homenaje-Centenario-en-Monte-scaled.jpg\"><img loading=\"lazy\" decoding=\"async\" width=\"1024\" height=\"678\" src=\"http:\/\/www.matildecamus.com\/wp-content\/uploads\/2021\/01\/1-Homenaje-Centenario-en-Monte-1024x678.jpg\" alt=\"\" class=\"wp-image-2312\" style=\"width:292px;height:193px\" srcset=\"https:\/\/www.matildecamus.com\/wp-content\/uploads\/2021\/01\/1-Homenaje-Centenario-en-Monte-1024x678.jpg 1024w, https:\/\/www.matildecamus.com\/wp-content\/uploads\/2021\/01\/1-Homenaje-Centenario-en-Monte-300x199.jpg 300w, https:\/\/www.matildecamus.com\/wp-content\/uploads\/2021\/01\/1-Homenaje-Centenario-en-Monte-768x509.jpg 768w, https:\/\/www.matildecamus.com\/wp-content\/uploads\/2021\/01\/1-Homenaje-Centenario-en-Monte-1536x1018.jpg 1536w, https:\/\/www.matildecamus.com\/wp-content\/uploads\/2021\/01\/1-Homenaje-Centenario-en-Monte-2048x1357.jpg 2048w\" sizes=\"auto, (max-width: 1024px) 100vw, 1024px\" \/><\/a><figcaption class=\"wp-element-caption\">Recitales<\/figcaption><\/figure>\n<\/div>\n\n\n\n<div class=\"wp-block-uagb-column uagb-column__wrap uagb-column__background-undefined uagb-block-6578409b\"><div class=\"uagb-column__overlay\"><\/div><\/div>\n<\/div><\/section>\n\n\n\n<section class=\"wp-block-uagb-columns uagb-columns__wrap uagb-columns__background-none uagb-columns__stack-mobile uagb-columns__valign- uagb-columns__gap-10 align uagb-block-aeee0422 uagb-columns__columns-3 uagb-columns__max_width-theme\"><div class=\"uagb-columns__overlay\"><\/div><div class=\"uagb-columns__inner-wrap uagb-columns__columns-3\">\n<div class=\"wp-block-uagb-column uagb-column__wrap uagb-column__background-undefined uagb-block-d6c6c027\"><div class=\"uagb-column__overlay\"><\/div>\n<figure class=\"wp-block-image size-large\"><a href=\"http:\/\/www.matildecamus.com\/wp-content\/uploads\/2021\/01\/3-Inauguracion-Salon-Actos-Matilde-Camus-scaled.jpg\"><img loading=\"lazy\" decoding=\"async\" width=\"1024\" height=\"764\" src=\"http:\/\/www.matildecamus.com\/wp-content\/uploads\/2021\/01\/3-Inauguracion-Salon-Actos-Matilde-Camus-1024x764.jpg\" alt=\"\" class=\"wp-image-2318\" srcset=\"https:\/\/www.matildecamus.com\/wp-content\/uploads\/2021\/01\/3-Inauguracion-Salon-Actos-Matilde-Camus-1024x764.jpg 1024w, https:\/\/www.matildecamus.com\/wp-content\/uploads\/2021\/01\/3-Inauguracion-Salon-Actos-Matilde-Camus-300x224.jpg 300w, https:\/\/www.matildecamus.com\/wp-content\/uploads\/2021\/01\/3-Inauguracion-Salon-Actos-Matilde-Camus-768x573.jpg 768w, https:\/\/www.matildecamus.com\/wp-content\/uploads\/2021\/01\/3-Inauguracion-Salon-Actos-Matilde-Camus-1536x1146.jpg 1536w, https:\/\/www.matildecamus.com\/wp-content\/uploads\/2021\/01\/3-Inauguracion-Salon-Actos-Matilde-Camus-2048x1528.jpg 2048w\" sizes=\"auto, (max-width: 1024px) 100vw, 1024px\" \/><\/a><figcaption class=\"wp-element-caption\">Inauguraci\u00f3n Salon Actos Matilde Camus<\/figcaption><\/figure>\n<\/div>\n\n\n\n<div class=\"wp-block-uagb-column uagb-column__wrap uagb-column__background-undefined uagb-block-30667849\"><div class=\"uagb-column__overlay\"><\/div>\n<figure class=\"wp-block-image size-large\"><a href=\"http:\/\/www.matildecamus.com\/wp-content\/uploads\/2021\/01\/4-Exposicion-premios.jpg\"><img loading=\"lazy\" decoding=\"async\" width=\"1024\" height=\"576\" src=\"http:\/\/www.matildecamus.com\/wp-content\/uploads\/2021\/01\/4-Exposicion-premios-1024x576.jpg\" alt=\"\" class=\"wp-image-2319\" srcset=\"https:\/\/www.matildecamus.com\/wp-content\/uploads\/2021\/01\/4-Exposicion-premios-1024x576.jpg 1024w, https:\/\/www.matildecamus.com\/wp-content\/uploads\/2021\/01\/4-Exposicion-premios-300x169.jpg 300w, https:\/\/www.matildecamus.com\/wp-content\/uploads\/2021\/01\/4-Exposicion-premios-768x432.jpg 768w, https:\/\/www.matildecamus.com\/wp-content\/uploads\/2021\/01\/4-Exposicion-premios-1536x864.jpg 1536w, https:\/\/www.matildecamus.com\/wp-content\/uploads\/2021\/01\/4-Exposicion-premios.jpg 1600w\" sizes=\"auto, (max-width: 1024px) 100vw, 1024px\" \/><\/a><figcaption class=\"wp-element-caption\">Exposici\u00f3n de premios<\/figcaption><\/figure>\n<\/div>\n\n\n\n<div class=\"wp-block-uagb-column uagb-column__wrap uagb-column__background-undefined uagb-block-85cd9129\"><div class=\"uagb-column__overlay\"><\/div><\/div>\n<\/div><\/section>\n","protected":false},"excerpt":{"rendered":"<p>Centro Cultural Fernando Ateca: &nbsp; La estrecha vinculaci\u00f3n afectiva que Matilde Camus tuvo hacia el Lugar de Monte,&nbsp; desde su infancia, se plasm\u00f3 en&nbsp; la obra de la poeta, a lo largo de su trayectoria literaria, como he citado anteriormente. A&nbsp;Monte dedic\u00f3 entra\u00f1ables poemas en muchos de sus libros y le dedic\u00f3 especialmente uno: \u201cCoral [&hellip;]<\/p>\n","protected":false},"author":1,"featured_media":0,"parent":0,"menu_order":0,"comment_status":"closed","ping_status":"open","template":"","meta":{"_uag_custom_page_level_css":"","_monsterinsights_skip_tracking":false,"_monsterinsights_sitenote_active":false,"_monsterinsights_sitenote_note":"","_monsterinsights_sitenote_category":0,"site-sidebar-layout":"no-sidebar","site-content-layout":"default","ast-site-content-layout":"default","site-content-style":"default","site-sidebar-style":"default","ast-global-header-display":"","ast-banner-title-visibility":"","ast-main-header-display":"","ast-hfb-above-header-display":"","ast-hfb-below-header-display":"","ast-hfb-mobile-header-display":"","site-post-title":"disabled","ast-breadcrumbs-content":"","ast-featured-img":"","footer-sml-layout":"","ast-disable-related-posts":"","theme-transparent-header-meta":"default","adv-header-id-meta":"","stick-header-meta":"","header-above-stick-meta":"","header-main-stick-meta":"","header-below-stick-meta":"","astra-migrate-meta-layouts":"set","ast-page-background-enabled":"default","ast-page-background-meta":{"desktop":{"background-color":"","background-image":"","background-repeat":"repeat","background-position":"center center","background-size":"auto","background-attachment":"scroll","background-type":"","background-media":"","overlay-type":"","overlay-color":"","overlay-opacity":"","overlay-gradient":""},"tablet":{"background-color":"","background-image":"","background-repeat":"repeat","background-position":"center center","background-size":"auto","background-attachment":"scroll","background-type":"","background-media":"","overlay-type":"","overlay-color":"","overlay-opacity":"","overlay-gradient":""},"mobile":{"background-color":"","background-image":"","background-repeat":"repeat","background-position":"center center","background-size":"auto","background-attachment":"scroll","background-type":"","background-media":"","overlay-type":"","overlay-color":"","overlay-opacity":"","overlay-gradient":""}},"ast-content-background-meta":{"desktop":{"background-color":"var(--ast-global-color-5)","background-image":"","background-repeat":"repeat","background-position":"center center","background-size":"auto","background-attachment":"scroll","background-type":"","background-media":"","overlay-type":"","overlay-color":"","overlay-opacity":"","overlay-gradient":""},"tablet":{"background-color":"var(--ast-global-color-5)","background-image":"","background-repeat":"repeat","background-position":"center center","background-size":"auto","background-attachment":"scroll","background-type":"","background-media":"","overlay-type":"","overlay-color":"","overlay-opacity":"","overlay-gradient":""},"mobile":{"background-color":"var(--ast-global-color-5)","background-image":"","background-repeat":"repeat","background-position":"center center","background-size":"auto","background-attachment":"scroll","background-type":"","background-media":"","overlay-type":"","overlay-color":"","overlay-opacity":"","overlay-gradient":""}},"footnotes":""},"class_list":["post-876","page","type-page","status-publish","hentry"],"uagb_featured_image_src":{"full":false,"thumbnail":false,"medium":false,"medium_large":false,"large":false,"1536x1536":false,"2048x2048":false},"uagb_author_info":{"display_name":"Matilde","author_link":"https:\/\/www.matildecamus.com\/?author=1"},"uagb_comment_info":0,"uagb_excerpt":"Centro Cultural Fernando Ateca: &nbsp; La estrecha vinculaci\u00f3n afectiva que Matilde Camus tuvo hacia el Lugar de Monte,&nbsp; desde su infancia, se plasm\u00f3 en&nbsp; la obra de la poeta, a lo largo de su trayectoria literaria, como he citado anteriormente. A&nbsp;Monte dedic\u00f3 entra\u00f1ables poemas en muchos de sus libros y le dedic\u00f3 especialmente uno: \u201cCoral&hellip;","_links":{"self":[{"href":"https:\/\/www.matildecamus.com\/index.php?rest_route=\/wp\/v2\/pages\/876","targetHints":{"allow":["GET"]}}],"collection":[{"href":"https:\/\/www.matildecamus.com\/index.php?rest_route=\/wp\/v2\/pages"}],"about":[{"href":"https:\/\/www.matildecamus.com\/index.php?rest_route=\/wp\/v2\/types\/page"}],"author":[{"embeddable":true,"href":"https:\/\/www.matildecamus.com\/index.php?rest_route=\/wp\/v2\/users\/1"}],"replies":[{"embeddable":true,"href":"https:\/\/www.matildecamus.com\/index.php?rest_route=%2Fwp%2Fv2%2Fcomments&post=876"}],"version-history":[{"count":33,"href":"https:\/\/www.matildecamus.com\/index.php?rest_route=\/wp\/v2\/pages\/876\/revisions"}],"predecessor-version":[{"id":4751,"href":"https:\/\/www.matildecamus.com\/index.php?rest_route=\/wp\/v2\/pages\/876\/revisions\/4751"}],"wp:attachment":[{"href":"https:\/\/www.matildecamus.com\/index.php?rest_route=%2Fwp%2Fv2%2Fmedia&parent=876"}],"curies":[{"name":"wp","href":"https:\/\/api.w.org\/{rel}","templated":true}]}}