{"id":696,"date":"2013-02-01T11:46:14","date_gmt":"2013-02-01T11:46:14","guid":{"rendered":"http:\/\/www.matildecamus.com\/?page_id=696"},"modified":"2021-01-30T20:50:49","modified_gmt":"2021-01-30T20:50:49","slug":"himno-a-santander","status":"publish","type":"page","link":"https:\/\/www.matildecamus.com\/?page_id=696","title":{"rendered":"HIMNO A SANTANDER (1993)"},"content":{"rendered":"\n<section class=\"wp-block-uagb-columns uagb-columns__wrap uagb-columns__background-undefined uagb-columns__stack-mobile uagb-columns__valign-undefined uagb-columns__gap-10 alignundefined uagb-block-f1ba4492\"><div class=\"uagb-columns__overlay\"><\/div><div class=\"uagb-columns__inner-wrap uagb-columns__columns-2\">\n<div class=\"wp-block-uagb-column uagb-column__wrap uagb-column__background-undefined uagb-block-15a3a3d8\"><div class=\"uagb-column__overlay\"><\/div><div class=\"uagb-column__inner-wrap\">\n<figure class=\"wp-block-image size-large is-resized\"><a href=\"http:\/\/www.matildecamus.com\/wp-content\/uploads\/2021\/01\/Imagen-de-Justo-y-Matilde-novios-scaled.jpg\"><img loading=\"lazy\" decoding=\"async\" src=\"http:\/\/www.matildecamus.com\/wp-content\/uploads\/2021\/01\/Imagen-de-Justo-y-Matilde-novios-618x1024.jpg\" alt=\"\" class=\"wp-image-3172\" width=\"359\" height=\"595\" srcset=\"https:\/\/www.matildecamus.com\/wp-content\/uploads\/2021\/01\/Imagen-de-Justo-y-Matilde-novios-618x1024.jpg 618w, https:\/\/www.matildecamus.com\/wp-content\/uploads\/2021\/01\/Imagen-de-Justo-y-Matilde-novios-181x300.jpg 181w, https:\/\/www.matildecamus.com\/wp-content\/uploads\/2021\/01\/Imagen-de-Justo-y-Matilde-novios-768x1273.jpg 768w, https:\/\/www.matildecamus.com\/wp-content\/uploads\/2021\/01\/Imagen-de-Justo-y-Matilde-novios-927x1536.jpg 927w, https:\/\/www.matildecamus.com\/wp-content\/uploads\/2021\/01\/Imagen-de-Justo-y-Matilde-novios-1235x2048.jpg 1235w, https:\/\/www.matildecamus.com\/wp-content\/uploads\/2021\/01\/Imagen-de-Justo-y-Matilde-novios-scaled.jpg 1544w\" sizes=\"auto, (max-width: 359px) 100vw, 359px\" \/><\/a><figcaption>Matilde Camus y Justo Guis\u00e1ndez noviazgo en Santander<\/figcaption><\/figure>\n<\/div><\/div>\n\n\n\n<div class=\"wp-block-uagb-column uagb-column__wrap uagb-column__background-undefined uagb-block-b2449675\"><div class=\"uagb-column__overlay\"><\/div><div class=\"uagb-column__inner-wrap\">\n<h5 class=\"has-normal-font-size wp-block-heading\">Comentario al himno a Santander:<\/h5>\n\n\n\n<p>En el a\u00f1o<strong> 1993<\/strong> escribe Matilde Camus, la letra del Himno a Santander, a la cual pondr\u00e1 m\u00fasica el Director de la Banda Municipal en aquel momento, el Maestro D. Manuel L\u00f3pez Fernandez .<\/p>\n\n\n\n<p>El Ayuntamiento de Santander patrocin\u00f3 la <strong>OFRENDA MUSICAL a Santander y Cantabria, <\/strong>en la que diversas corales cantaron los Himnos de los Cuatro Lugares de Santander,&nbsp; compuestos por los mismos autores, los a\u00f1os 1993, 1995 y 1997<\/p>\n\n\n\n<p>En el a\u00f1o <strong>1997,<\/strong> el Excmo. Ayuntamiento de Santander, declara el Himno de Matilde Camus como Himno oficial.<\/p>\n<\/div><\/div>\n<\/div><\/section>\n\n\n\n<h3 class=\"has-text-align-center wp-block-heading\"><span style=\"color: #ffffff;\">.<\/span><\/h3>\n\n\n\n<section class=\"wp-block-uagb-columns uagb-columns__wrap uagb-columns__background-undefined uagb-columns__stack-mobile uagb-columns__valign-undefined uagb-columns__gap-10 alignundefined uagb-block-b72b28b0\"><div class=\"uagb-columns__overlay\"><\/div><div class=\"uagb-columns__inner-wrap uagb-columns__columns-2\">\n<div class=\"wp-block-uagb-column uagb-column__wrap uagb-column__background-undefined uagb-block-b92b552f\"><div class=\"uagb-column__overlay\"><\/div><div class=\"uagb-column__inner-wrap\">\n<p class=\"has-text-align-center has-medium-font-size\">HIMNO A SANTANDER<\/p>\n<\/div><\/div>\n\n\n\n<div class=\"wp-block-uagb-column uagb-column__wrap uagb-column__background-undefined uagb-block-eafa0e4a\"><div class=\"uagb-column__overlay\"><\/div><div class=\"uagb-column__inner-wrap\">\n<figure class=\"wp-block-audio\"><audio controls src=\"http:\/\/www.matildecamus.com\/wp-content\/uploads\/2021\/01\/10-Himno-a-Santander.mp3\"><\/audio><\/figure>\n<\/div><\/div>\n<\/div><\/section>\n\n\n\n<section class=\"wp-block-uagb-columns uagb-columns__wrap uagb-columns__background-undefined uagb-columns__stack-mobile uagb-columns__valign-undefined uagb-columns__gap-10 alignundefined uagb-block-319c248d\"><div class=\"uagb-columns__overlay\"><\/div><div class=\"uagb-columns__inner-wrap uagb-columns__columns-1\">\n<div class=\"wp-block-uagb-column uagb-column__wrap uagb-column__background-undefined uagb-block-31861dc3\"><div class=\"uagb-column__overlay\"><\/div><div class=\"uagb-column__inner-wrap\">\n<p class=\"has-text-align-center\" id=\"block-d20e6f50-bc89-445e-bf82-48f4b127c46c\"> Santander, Santander<br> bello lucero esplendente,<br> bajo luces sorprendentes,<br> sobre un mar todo pasi\u00f3n.<\/p>\n\n\n\n<p class=\"has-text-align-center\" id=\"block-d20e6f50-bc89-445e-bf82-48f4b127c46c\"> <strong>Estribillo<\/strong><br> Tierra para so\u00f1ar,<br> tierra para vivir,<br> tierra para morir,<br> y para amar, y siempre para amar&#8230;<br>                                                               amar&#8230; amar&#8230;\u00a0.<\/p>\n\n\n\n<p class=\"has-text-align-center\" id=\"block-d20e6f50-bc89-445e-bf82-48f4b127c46c\"><strong>Estrofa 1\u00aa<\/strong><br> Ciudad m\u00e1gica y hermosa<br> dulce tierra generosa,<br> de belleza natural.<br> Ciudad de lindos colores,<br> en campos y alrededores,<br> en playas, bah\u00eda y mar&#8230;<br>                                                                                  en playas, bah\u00eda y mar&#8230;\u00a0<\/p>\n\n\n\n<p class=\"has-text-align-center\" id=\"block-d20e6f50-bc89-445e-bf82-48f4b127c46c\"> Santander, Santander&#8230;<br> ciudad tranquila y serena,<br> pescadora y marinera,<br>  altruista y se\u00f1orial&#8230;\u00a0<\/p>\n\n\n\n<p class=\"has-text-align-center\" id=\"block-d20e6f50-bc89-445e-bf82-48f4b127c46c\"><strong>Estribillo<\/strong><br> Tierra para so\u00f1ar&#8230;.<\/p>\n\n\n\n<p class=\"has-text-align-center\" id=\"block-d20e6f50-bc89-445e-bf82-48f4b127c46c\"><strong>Estrofa 2\u00aa<\/strong><br> Ciudad que vivo y que siento,<br> en mi sangre y en mi aliento,<br> en mis pulsos y en mi ser.<br> Tur\u00edstica y labradora,<br> humanista y tentadora,<br> culta, egregia, universal&#8230;<br>                                                        culta, egregia, universal&#8230;\u00a0<\/p>\n\n\n\n<p class=\"has-text-align-center\" id=\"block-d20e6f50-bc89-445e-bf82-48f4b127c46c\"> Santander, Santander,<br> mi Santander sin olvido,<br> tierra donde yo he nacido,<br> orgullo de mi querer.\u00a0.<\/p>\n\n\n\n<p class=\"has-text-align-center\" id=\"block-d20e6f50-bc89-445e-bf82-48f4b127c46c\"><strong>Estribillo<\/strong><br> Tierra para so\u00f1ar&#8230;&nbsp;.<\/p>\n\n\n\n<p class=\"has-text-align-center\" id=\"block-d20e6f50-bc89-445e-bf82-48f4b127c46c\"><strong>Final<\/strong><br> \u00a1Salve Santander! \u00a1Salve Santander!<br> \u00a1Mi Santander! <\/p>\n<\/div><\/div>\n<\/div><\/section>\n","protected":false},"excerpt":{"rendered":"<p>Comentario al himno a Santander: En el a\u00f1o 1993 escribe Matilde Camus, la letra del Himno a Santander, a la cual pondr\u00e1 m\u00fasica el Director de la Banda Municipal en aquel momento, el Maestro D. Manuel L\u00f3pez Fernandez . El Ayuntamiento de Santander patrocin\u00f3 la OFRENDA MUSICAL a Santander y Cantabria, en la que diversas [&hellip;]<\/p>\n","protected":false},"author":1,"featured_media":0,"parent":0,"menu_order":0,"comment_status":"closed","ping_status":"open","template":"","meta":{"_uag_custom_page_level_css":"","_monsterinsights_skip_tracking":false,"_monsterinsights_sitenote_active":false,"_monsterinsights_sitenote_note":"","_monsterinsights_sitenote_category":0,"site-sidebar-layout":"no-sidebar","site-content-layout":"default","ast-site-content-layout":"default","site-content-style":"default","site-sidebar-style":"default","ast-global-header-display":"","ast-banner-title-visibility":"","ast-main-header-display":"","ast-hfb-above-header-display":"","ast-hfb-below-header-display":"","ast-hfb-mobile-header-display":"","site-post-title":"disabled","ast-breadcrumbs-content":"","ast-featured-img":"","footer-sml-layout":"","ast-disable-related-posts":"","theme-transparent-header-meta":"default","adv-header-id-meta":"","stick-header-meta":"","header-above-stick-meta":"","header-main-stick-meta":"","header-below-stick-meta":"","astra-migrate-meta-layouts":"default","ast-page-background-enabled":"default","ast-page-background-meta":{"desktop":{"background-color":"","background-image":"","background-repeat":"repeat","background-position":"center center","background-size":"auto","background-attachment":"scroll","background-type":"","background-media":"","overlay-type":"","overlay-color":"","overlay-opacity":"","overlay-gradient":""},"tablet":{"background-color":"","background-image":"","background-repeat":"repeat","background-position":"center center","background-size":"auto","background-attachment":"scroll","background-type":"","background-media":"","overlay-type":"","overlay-color":"","overlay-opacity":"","overlay-gradient":""},"mobile":{"background-color":"","background-image":"","background-repeat":"repeat","background-position":"center center","background-size":"auto","background-attachment":"scroll","background-type":"","background-media":"","overlay-type":"","overlay-color":"","overlay-opacity":"","overlay-gradient":""}},"ast-content-background-meta":{"desktop":{"background-color":"var(--ast-global-color-5)","background-image":"","background-repeat":"repeat","background-position":"center center","background-size":"auto","background-attachment":"scroll","background-type":"","background-media":"","overlay-type":"","overlay-color":"","overlay-opacity":"","overlay-gradient":""},"tablet":{"background-color":"var(--ast-global-color-5)","background-image":"","background-repeat":"repeat","background-position":"center center","background-size":"auto","background-attachment":"scroll","background-type":"","background-media":"","overlay-type":"","overlay-color":"","overlay-opacity":"","overlay-gradient":""},"mobile":{"background-color":"var(--ast-global-color-5)","background-image":"","background-repeat":"repeat","background-position":"center center","background-size":"auto","background-attachment":"scroll","background-type":"","background-media":"","overlay-type":"","overlay-color":"","overlay-opacity":"","overlay-gradient":""}},"footnotes":""},"class_list":["post-696","page","type-page","status-publish","hentry"],"uagb_featured_image_src":{"full":false,"thumbnail":false,"medium":false,"medium_large":false,"large":false,"1536x1536":false,"2048x2048":false},"uagb_author_info":{"display_name":"Matilde","author_link":"https:\/\/www.matildecamus.com\/?author=1"},"uagb_comment_info":0,"uagb_excerpt":"Comentario al himno a Santander: En el a\u00f1o 1993 escribe Matilde Camus, la letra del Himno a Santander, a la cual pondr\u00e1 m\u00fasica el Director de la Banda Municipal en aquel momento, el Maestro D. Manuel L\u00f3pez Fernandez . El Ayuntamiento de Santander patrocin\u00f3 la OFRENDA MUSICAL a Santander y Cantabria, en la que diversas&hellip;","_links":{"self":[{"href":"https:\/\/www.matildecamus.com\/index.php?rest_route=\/wp\/v2\/pages\/696","targetHints":{"allow":["GET"]}}],"collection":[{"href":"https:\/\/www.matildecamus.com\/index.php?rest_route=\/wp\/v2\/pages"}],"about":[{"href":"https:\/\/www.matildecamus.com\/index.php?rest_route=\/wp\/v2\/types\/page"}],"author":[{"embeddable":true,"href":"https:\/\/www.matildecamus.com\/index.php?rest_route=\/wp\/v2\/users\/1"}],"replies":[{"embeddable":true,"href":"https:\/\/www.matildecamus.com\/index.php?rest_route=%2Fwp%2Fv2%2Fcomments&post=696"}],"version-history":[{"count":21,"href":"https:\/\/www.matildecamus.com\/index.php?rest_route=\/wp\/v2\/pages\/696\/revisions"}],"predecessor-version":[{"id":3719,"href":"https:\/\/www.matildecamus.com\/index.php?rest_route=\/wp\/v2\/pages\/696\/revisions\/3719"}],"wp:attachment":[{"href":"https:\/\/www.matildecamus.com\/index.php?rest_route=%2Fwp%2Fv2%2Fmedia&parent=696"}],"curies":[{"name":"wp","href":"https:\/\/api.w.org\/{rel}","templated":true}]}}

<section class="wp-block-uagb-columns uagb-columns__wrap uagb-columns__background-undefined uagb-columns__stack-mobile uagb-columns__valign-undefined uagb-columns__gap-10 alignundefined uagb-block-f1ba4492"><div class="uagb-columns__overlay"></div><div class="uagb-columns__inner-wrap uagb-columns__columns-2">
<div class="wp-block-uagb-column uagb-column__wrap uagb-column__background-undefined uagb-block-15a3a3d8"><div class="uagb-column__overlay"></div><div class="uagb-column__inner-wrap">
<figure class="wp-block-image size-large is-resized"><a href="http://www.matildecamus.com/wp-content/uploads/2021/01/Imagen-de-Justo-y-Matilde-novios-scaled.jpg"><img loading="lazy" decoding="async" src="http://www.matildecamus.com/wp-content/uploads/2021/01/Imagen-de-Justo-y-Matilde-novios-618x1024.jpg" alt="" class="wp-image-3172" width="359" height="595" srcset="https://www.matildecamus.com/wp-content/uploads/2021/01/Imagen-de-Justo-y-Matilde-novios-618x1024.jpg 618w, https://www.matildecamus.com/wp-content/uploads/2021/01/Imagen-de-Justo-y-Matilde-novios-181x300.jpg 181w, https://www.matildecamus.com/wp-content/uploads/2021/01/Imagen-de-Justo-y-Matilde-novios-768x1273.jpg 768w, https://www.matildecamus.com/wp-content/uploads/2021/01/Imagen-de-Justo-y-Matilde-novios-927x1536.jpg 927w, https://www.matildecamus.com/wp-content/uploads/2021/01/Imagen-de-Justo-y-Matilde-novios-1235x2048.jpg 1235w, https://www.matildecamus.com/wp-content/uploads/2021/01/Imagen-de-Justo-y-Matilde-novios-scaled.jpg 1544w" sizes="auto, (max-width: 359px) 100vw, 359px" /></a><figcaption>Matilde Camus y Justo Guisández noviazgo en Santander</figcaption></figure>
</div></div>



<div class="wp-block-uagb-column uagb-column__wrap uagb-column__background-undefined uagb-block-b2449675"><div class="uagb-column__overlay"></div><div class="uagb-column__inner-wrap">
<h5 class="has-normal-font-size wp-block-heading">Comentario al himno a Santander:</h5>



<p>En el año<strong> 1993</strong> escribe Matilde Camus, la letra del Himno a Santander, a la cual pondrá música el Director de la Banda Municipal en aquel momento, el Maestro D. Manuel López Fernandez .</p>



<p>El Ayuntamiento de Santander patrocinó la <strong>OFRENDA MUSICAL a Santander y Cantabria, </strong>en la que diversas corales cantaron los Himnos de los Cuatro Lugares de Santander,&nbsp; compuestos por los mismos autores, los años 1993, 1995 y 1997</p>



<p>En el año <strong>1997,</strong> el Excmo. Ayuntamiento de Santander, declara el Himno de Matilde Camus como Himno oficial.</p>
</div></div>
</div></section>



<h3 class="has-text-align-center wp-block-heading"><span style="color: #ffffff;">.</span></h3>



<section class="wp-block-uagb-columns uagb-columns__wrap uagb-columns__background-undefined uagb-columns__stack-mobile uagb-columns__valign-undefined uagb-columns__gap-10 alignundefined uagb-block-b72b28b0"><div class="uagb-columns__overlay"></div><div class="uagb-columns__inner-wrap uagb-columns__columns-2">
<div class="wp-block-uagb-column uagb-column__wrap uagb-column__background-undefined uagb-block-b92b552f"><div class="uagb-column__overlay"></div><div class="uagb-column__inner-wrap">
<p class="has-text-align-center has-medium-font-size">HIMNO A SANTANDER</p>
</div></div>



<div class="wp-block-uagb-column uagb-column__wrap uagb-column__background-undefined uagb-block-eafa0e4a"><div class="uagb-column__overlay"></div><div class="uagb-column__inner-wrap">
<figure class="wp-block-audio"><audio controls src="http://www.matildecamus.com/wp-content/uploads/2021/01/10-Himno-a-Santander.mp3"></audio></figure>
</div></div>
</div></section>



<section class="wp-block-uagb-columns uagb-columns__wrap uagb-columns__background-undefined uagb-columns__stack-mobile uagb-columns__valign-undefined uagb-columns__gap-10 alignundefined uagb-block-319c248d"><div class="uagb-columns__overlay"></div><div class="uagb-columns__inner-wrap uagb-columns__columns-1">
<div class="wp-block-uagb-column uagb-column__wrap uagb-column__background-undefined uagb-block-31861dc3"><div class="uagb-column__overlay"></div><div class="uagb-column__inner-wrap">
<p class="has-text-align-center" id="block-d20e6f50-bc89-445e-bf82-48f4b127c46c"> Santander, Santander<br> bello lucero esplendente,<br> bajo luces sorprendentes,<br> sobre un mar todo pasión.</p>



<p class="has-text-align-center" id="block-d20e6f50-bc89-445e-bf82-48f4b127c46c"> <strong>Estribillo</strong><br> Tierra para soñar,<br> tierra para vivir,<br> tierra para morir,<br> y para amar, y siempre para amar&#8230;<br>                                                               amar&#8230; amar&#8230; .</p>



<p class="has-text-align-center" id="block-d20e6f50-bc89-445e-bf82-48f4b127c46c"><strong>Estrofa 1ª</strong><br> Ciudad mágica y hermosa<br> dulce tierra generosa,<br> de belleza natural.<br> Ciudad de lindos colores,<br> en campos y alrededores,<br> en playas, bahía y mar&#8230;<br>                                                                                  en playas, bahía y mar&#8230; </p>



<p class="has-text-align-center" id="block-d20e6f50-bc89-445e-bf82-48f4b127c46c"> Santander, Santander&#8230;<br> ciudad tranquila y serena,<br> pescadora y marinera,<br>  altruista y señorial&#8230; </p>



<p class="has-text-align-center" id="block-d20e6f50-bc89-445e-bf82-48f4b127c46c"><strong>Estribillo</strong><br> Tierra para soñar&#8230;.</p>



<p class="has-text-align-center" id="block-d20e6f50-bc89-445e-bf82-48f4b127c46c"><strong>Estrofa 2ª</strong><br> Ciudad que vivo y que siento,<br> en mi sangre y en mi aliento,<br> en mis pulsos y en mi ser.<br> Turística y labradora,<br> humanista y tentadora,<br> culta, egregia, universal&#8230;<br>                                                        culta, egregia, universal&#8230; </p>



<p class="has-text-align-center" id="block-d20e6f50-bc89-445e-bf82-48f4b127c46c"> Santander, Santander,<br> mi Santander sin olvido,<br> tierra donde yo he nacido,<br> orgullo de mi querer. .</p>



<p class="has-text-align-center" id="block-d20e6f50-bc89-445e-bf82-48f4b127c46c"><strong>Estribillo</strong><br> Tierra para soñar&#8230;&nbsp;.</p>



<p class="has-text-align-center" id="block-d20e6f50-bc89-445e-bf82-48f4b127c46c"><strong>Final</strong><br> ¡Salve Santander! ¡Salve Santander!<br> ¡Mi Santander! </p>
</div></div>
</div></section>

<p>Comentario al himno a Santander: En el año 1993 escribe Matilde Camus, la letra del Himno a Santander, a la cual pondrá música el Director de la Banda Municipal en aquel momento, el Maestro D. Manuel López Fernandez . El Ayuntamiento de Santander patrocinó la OFRENDA MUSICAL a Santander y Cantabria, en la que diversas [&hellip;]</p>

Comentario al himno a Santander: En el año 1993 escribe Matilde Camus, la letra del Himno a Santander, a la cual pondrá música el Director de la Banda Municipal en aquel momento, el Maestro D. Manuel López Fernandez . El Ayuntamiento de Santander patrocinó la OFRENDA MUSICAL a Santander y Cantabria, en la que diversas&hellip;
