{"id":4669,"date":"2023-12-14T18:18:57","date_gmt":"2023-12-14T18:18:57","guid":{"rendered":"https:\/\/www.matildecamus.com\/?page_id=4669"},"modified":"2024-01-28T19:37:00","modified_gmt":"2024-01-28T19:37:00","slug":"titulo-no-visible","status":"publish","type":"page","link":"https:\/\/www.matildecamus.com\/?page_id=4669","title":{"rendered":"LI\u00c9BANA PEREGRINA"},"content":{"rendered":"\n<p class=\"has-large-font-size\">LI\u00c9BANA PEREGRINA<\/p>\n\n\n\n<div class=\"wp-block-uagb-container uagb-block-599b831f alignfull uagb-is-root-container\"><div class=\"uagb-container-inner-blocks-wrap\">\n<div class=\"wp-block-uagb-container uagb-block-e402ca84\">\n<figure class=\"wp-block-image size-large is-resized\"><a href=\"https:\/\/www.matildecamus.com\/wp-content\/uploads\/2024\/01\/PORTADA-LIEBANA-PEREGRINA-1-1.jpg\"><img loading=\"lazy\" decoding=\"async\" width=\"769\" height=\"1024\" src=\"https:\/\/www.matildecamus.com\/wp-content\/uploads\/2024\/01\/PORTADA-LIEBANA-PEREGRINA-1-1-769x1024.jpg\" alt=\"\" class=\"wp-image-4706\" style=\"aspect-ratio:0.7509765625;width:349px;height:auto\" srcset=\"https:\/\/www.matildecamus.com\/wp-content\/uploads\/2024\/01\/PORTADA-LIEBANA-PEREGRINA-1-1-769x1024.jpg 769w, https:\/\/www.matildecamus.com\/wp-content\/uploads\/2024\/01\/PORTADA-LIEBANA-PEREGRINA-1-1-225x300.jpg 225w, https:\/\/www.matildecamus.com\/wp-content\/uploads\/2024\/01\/PORTADA-LIEBANA-PEREGRINA-1-1-768x1023.jpg 768w, https:\/\/www.matildecamus.com\/wp-content\/uploads\/2024\/01\/PORTADA-LIEBANA-PEREGRINA-1-1.jpg 1108w\" sizes=\"auto, (max-width: 769px) 100vw, 769px\" \/><\/a><\/figure>\n<\/div>\n\n\n\n<div class=\"wp-block-uagb-container uagb-block-cde80072\">\n<p><em>Li\u00e9bana peregrina<\/em>, se edita con motivo del A\u00f1o Santo Lebaniego 2023-2024. Contiene un conjunto de poemas que nacen de la profunda espiritualidad de Matilde Camus y su amor a la comarca de Li\u00e9bana. Matilde escribe anteriormente, dos  ediciones  en los A\u00f1os Santos Lebaniegos de los a\u00f1os 1977 y 2006.<\/p>\n\n\n\n<p>Se inicia con una dedicatoria de Matilde Camus que dice: \u00ab<em>A todos los lebaniegos. Tambi\u00e9n al que llega a este lugar privilegiado de Cantabria, fervorosamente o buscando paz y belleza\u00bb<\/em><\/p>\n\n\n\n<p>El libro presenta un grupo de sentidos poemas de car\u00e1cter religioso en los que se palpa lo que para Matilde Camus supon\u00eda el encuentro con la realidad espiritual de este hermoso lugar y otro grupo de poemas son la explosi\u00f3n admirativa a cuanto los ojos pueden contemplar de este valle y un canto a cada uno de sus rincones; casi cada piedra de esta bella tierra tiene su homenaje en un poema.<\/p>\n<\/div>\n\n\n\n<div class=\"wp-block-uagb-container uagb-block-eab35a62\">\n<figure class=\"wp-block-image size-large is-resized\"><a href=\"https:\/\/www.matildecamus.com\/wp-content\/uploads\/2024\/01\/PORTADA-LIEBANA-PEREGRINA-2-2.jpg\"><img loading=\"lazy\" decoding=\"async\" width=\"768\" height=\"1024\" src=\"https:\/\/www.matildecamus.com\/wp-content\/uploads\/2024\/01\/PORTADA-LIEBANA-PEREGRINA-2-2-768x1024.jpg\" alt=\"\" class=\"wp-image-4707\" style=\"aspect-ratio:0.75;width:326px;height:auto\" srcset=\"https:\/\/www.matildecamus.com\/wp-content\/uploads\/2024\/01\/PORTADA-LIEBANA-PEREGRINA-2-2-768x1024.jpg 768w, https:\/\/www.matildecamus.com\/wp-content\/uploads\/2024\/01\/PORTADA-LIEBANA-PEREGRINA-2-2-225x300.jpg 225w, https:\/\/www.matildecamus.com\/wp-content\/uploads\/2024\/01\/PORTADA-LIEBANA-PEREGRINA-2-2.jpg 1107w\" sizes=\"auto, (max-width: 768px) 100vw, 768px\" \/><\/a><\/figure>\n<\/div>\n\n\n\n<div class=\"wp-block-uagb-container uagb-block-e5925ccd\">\n<p>El t\u00edtulo <em>Li\u00e9bana peregrina <\/em>es el mismo de la canci\u00f3n que se estren\u00f3 en la Gala del Folklore c\u00e1ntabro en marzo 2023, cantada por la Coral Salv\u00e9 y la m\u00fasica de la Banda Municipal de Santander  y posteriormente estrenada en  en Potes, cantada por la Coral de Li\u00e9bana. Esta canci\u00f3n est\u00e1 basada en dos poemas contenidos en el libro: <em>Quiero alzarme y Atalaya de amor<\/em> y fu\u00e9 puesta m\u00fasica por Francisco San Jos\u00e9 y armonizada por Jose Manuel Fern\u00e1ndez Garc\u00eda.<\/p>\n\n\n\n<p>La ilustradora c\u00e1ntabra Maite Niebla ha sido la encargada de realizar las sugerentes im\u00e1genes que acompa\u00f1an a los poemas .<\/p>\n\n\n\n<p>Este libro pretende ser un compa\u00f1ero de viaje que ayude a todo peregrino y visitante a reencontrarse con la belleza de \u00e9sta atractiva tierra que, Matilde Camus supo descubrir con su mirada enamorada. <\/p>\n<\/div>\n<\/div><\/div>\n\n\n\n<p><\/p>\n\n\n\n<p><\/p>\n\n\n\n<p class=\"has-text-align-center has-medium-font-size\"><\/p>\n\n\n\n<p class=\"has-text-align-center\"><\/p>\n\n\n\n<p class=\"has-text-align-center\"><\/p>\n","protected":false},"excerpt":{"rendered":"<p>LI\u00c9BANA PEREGRINA Li\u00e9bana peregrina, se edita con motivo del A\u00f1o Santo Lebaniego 2023-2024. Contiene un conjunto de poemas que nacen de la profunda espiritualidad de Matilde Camus y su amor a la comarca de Li\u00e9bana. Matilde escribe anteriormente, dos ediciones en los A\u00f1os Santos Lebaniegos de los a\u00f1os 1977 y 2006. Se inicia con una [&hellip;]<\/p>\n","protected":false},"author":1,"featured_media":0,"parent":0,"menu_order":0,"comment_status":"closed","ping_status":"closed","template":"","meta":{"_uag_custom_page_level_css":"","_monsterinsights_skip_tracking":false,"_monsterinsights_sitenote_active":false,"_monsterinsights_sitenote_note":"","_monsterinsights_sitenote_category":0,"site-sidebar-layout":"no-sidebar","site-content-layout":"","ast-site-content-layout":"normal-width-container","site-content-style":"default","site-sidebar-style":"default","ast-global-header-display":"","ast-banner-title-visibility":"","ast-main-header-display":"","ast-hfb-above-header-display":"","ast-hfb-below-header-display":"","ast-hfb-mobile-header-display":"","site-post-title":"disabled","ast-breadcrumbs-content":"","ast-featured-img":"","footer-sml-layout":"","ast-disable-related-posts":"","theme-transparent-header-meta":"","adv-header-id-meta":"","stick-header-meta":"","header-above-stick-meta":"","header-main-stick-meta":"","header-below-stick-meta":"","astra-migrate-meta-layouts":"set","ast-page-background-enabled":"default","ast-page-background-meta":{"desktop":{"background-color":"","background-image":"","background-repeat":"repeat","background-position":"center center","background-size":"auto","background-attachment":"scroll","background-type":"","background-media":"","overlay-type":"","overlay-color":"","overlay-opacity":"","overlay-gradient":""},"tablet":{"background-color":"","background-image":"","background-repeat":"repeat","background-position":"center center","background-size":"auto","background-attachment":"scroll","background-type":"","background-media":"","overlay-type":"","overlay-color":"","overlay-opacity":"","overlay-gradient":""},"mobile":{"background-color":"","background-image":"","background-repeat":"repeat","background-position":"center center","background-size":"auto","background-attachment":"scroll","background-type":"","background-media":"","overlay-type":"","overlay-color":"","overlay-opacity":"","overlay-gradient":""}},"ast-content-background-meta":{"desktop":{"background-color":"var(--ast-global-color-5)","background-image":"","background-repeat":"repeat","background-position":"center center","background-size":"auto","background-attachment":"scroll","background-type":"","background-media":"","overlay-type":"","overlay-color":"","overlay-opacity":"","overlay-gradient":""},"tablet":{"background-color":"var(--ast-global-color-5)","background-image":"","background-repeat":"repeat","background-position":"center center","background-size":"auto","background-attachment":"scroll","background-type":"","background-media":"","overlay-type":"","overlay-color":"","overlay-opacity":"","overlay-gradient":""},"mobile":{"background-color":"var(--ast-global-color-5)","background-image":"","background-repeat":"repeat","background-position":"center center","background-size":"auto","background-attachment":"scroll","background-type":"","background-media":"","overlay-type":"","overlay-color":"","overlay-opacity":"","overlay-gradient":""}},"footnotes":""},"class_list":["post-4669","page","type-page","status-publish","hentry"],"uagb_featured_image_src":{"full":false,"thumbnail":false,"medium":false,"medium_large":false,"large":false,"1536x1536":false,"2048x2048":false},"uagb_author_info":{"display_name":"Matilde","author_link":"https:\/\/www.matildecamus.com\/?author=1"},"uagb_comment_info":0,"uagb_excerpt":"LI\u00c9BANA PEREGRINA Li\u00e9bana peregrina, se edita con motivo del A\u00f1o Santo Lebaniego 2023-2024. Contiene un conjunto de poemas que nacen de la profunda espiritualidad de Matilde Camus y su amor a la comarca de Li\u00e9bana. Matilde escribe anteriormente, dos ediciones en los A\u00f1os Santos Lebaniegos de los a\u00f1os 1977 y 2006. Se inicia con una&hellip;","_links":{"self":[{"href":"https:\/\/www.matildecamus.com\/index.php?rest_route=\/wp\/v2\/pages\/4669","targetHints":{"allow":["GET"]}}],"collection":[{"href":"https:\/\/www.matildecamus.com\/index.php?rest_route=\/wp\/v2\/pages"}],"about":[{"href":"https:\/\/www.matildecamus.com\/index.php?rest_route=\/wp\/v2\/types\/page"}],"author":[{"embeddable":true,"href":"https:\/\/www.matildecamus.com\/index.php?rest_route=\/wp\/v2\/users\/1"}],"replies":[{"embeddable":true,"href":"https:\/\/www.matildecamus.com\/index.php?rest_route=%2Fwp%2Fv2%2Fcomments&post=4669"}],"version-history":[{"count":10,"href":"https:\/\/www.matildecamus.com\/index.php?rest_route=\/wp\/v2\/pages\/4669\/revisions"}],"predecessor-version":[{"id":4709,"href":"https:\/\/www.matildecamus.com\/index.php?rest_route=\/wp\/v2\/pages\/4669\/revisions\/4709"}],"wp:attachment":[{"href":"https:\/\/www.matildecamus.com\/index.php?rest_route=%2Fwp%2Fv2%2Fmedia&parent=4669"}],"curies":[{"name":"wp","href":"https:\/\/api.w.org\/{rel}","templated":true}]}}

LIÉBANA PEREGRINA

<p class="has-large-font-size">LIÉBANA PEREGRINA</p>



<div class="wp-block-uagb-container uagb-block-599b831f alignfull uagb-is-root-container"><div class="uagb-container-inner-blocks-wrap">
<div class="wp-block-uagb-container uagb-block-e402ca84">
<figure class="wp-block-image size-large is-resized"><a href="https://www.matildecamus.com/wp-content/uploads/2024/01/PORTADA-LIEBANA-PEREGRINA-1-1.jpg"><img loading="lazy" decoding="async" width="769" height="1024" src="https://www.matildecamus.com/wp-content/uploads/2024/01/PORTADA-LIEBANA-PEREGRINA-1-1-769x1024.jpg" alt="" class="wp-image-4706" style="aspect-ratio:0.7509765625;width:349px;height:auto" srcset="https://www.matildecamus.com/wp-content/uploads/2024/01/PORTADA-LIEBANA-PEREGRINA-1-1-769x1024.jpg 769w, https://www.matildecamus.com/wp-content/uploads/2024/01/PORTADA-LIEBANA-PEREGRINA-1-1-225x300.jpg 225w, https://www.matildecamus.com/wp-content/uploads/2024/01/PORTADA-LIEBANA-PEREGRINA-1-1-768x1023.jpg 768w, https://www.matildecamus.com/wp-content/uploads/2024/01/PORTADA-LIEBANA-PEREGRINA-1-1.jpg 1108w" sizes="auto, (max-width: 769px) 100vw, 769px" /></a></figure>
</div>



<div class="wp-block-uagb-container uagb-block-cde80072">
<p><em>Liébana peregrina</em>, se edita con motivo del Año Santo Lebaniego 2023-2024. Contiene un conjunto de poemas que nacen de la profunda espiritualidad de Matilde Camus y su amor a la comarca de Liébana. Matilde escribe anteriormente, dos  ediciones  en los Años Santos Lebaniegos de los años 1977 y 2006.</p>



<p>Se inicia con una dedicatoria de Matilde Camus que dice: «<em>A todos los lebaniegos. También al que llega a este lugar privilegiado de Cantabria, fervorosamente o buscando paz y belleza»</em></p>



<p>El libro presenta un grupo de sentidos poemas de carácter religioso en los que se palpa lo que para Matilde Camus suponía el encuentro con la realidad espiritual de este hermoso lugar y otro grupo de poemas son la explosión admirativa a cuanto los ojos pueden contemplar de este valle y un canto a cada uno de sus rincones; casi cada piedra de esta bella tierra tiene su homenaje en un poema.</p>
</div>



<div class="wp-block-uagb-container uagb-block-eab35a62">
<figure class="wp-block-image size-large is-resized"><a href="https://www.matildecamus.com/wp-content/uploads/2024/01/PORTADA-LIEBANA-PEREGRINA-2-2.jpg"><img loading="lazy" decoding="async" width="768" height="1024" src="https://www.matildecamus.com/wp-content/uploads/2024/01/PORTADA-LIEBANA-PEREGRINA-2-2-768x1024.jpg" alt="" class="wp-image-4707" style="aspect-ratio:0.75;width:326px;height:auto" srcset="https://www.matildecamus.com/wp-content/uploads/2024/01/PORTADA-LIEBANA-PEREGRINA-2-2-768x1024.jpg 768w, https://www.matildecamus.com/wp-content/uploads/2024/01/PORTADA-LIEBANA-PEREGRINA-2-2-225x300.jpg 225w, https://www.matildecamus.com/wp-content/uploads/2024/01/PORTADA-LIEBANA-PEREGRINA-2-2.jpg 1107w" sizes="auto, (max-width: 768px) 100vw, 768px" /></a></figure>
</div>



<div class="wp-block-uagb-container uagb-block-e5925ccd">
<p>El título <em>Liébana peregrina </em>es el mismo de la canción que se estrenó en la Gala del Folklore cántabro en marzo 2023, cantada por la Coral Salvé y la música de la Banda Municipal de Santander  y posteriormente estrenada en  en Potes, cantada por la Coral de Liébana. Esta canción está basada en dos poemas contenidos en el libro: <em>Quiero alzarme y Atalaya de amor</em> y fué puesta música por Francisco San José y armonizada por Jose Manuel Fernández García.</p>



<p>La ilustradora cántabra Maite Niebla ha sido la encargada de realizar las sugerentes imágenes que acompañan a los poemas .</p>



<p>Este libro pretende ser un compañero de viaje que ayude a todo peregrino y visitante a reencontrarse con la belleza de ésta atractiva tierra que, Matilde Camus supo descubrir con su mirada enamorada. </p>
</div>
</div></div>



<p></p>



<p></p>



<p class="has-text-align-center has-medium-font-size"></p>



<p class="has-text-align-center"></p>



<p class="has-text-align-center"></p>

<p>LIÉBANA PEREGRINA Liébana peregrina, se edita con motivo del Año Santo Lebaniego 2023-2024. Contiene un conjunto de poemas que nacen de la profunda espiritualidad de Matilde Camus y su amor a la comarca de Liébana. Matilde escribe anteriormente, dos ediciones en los Años Santos Lebaniegos de los años 1977 y 2006. Se inicia con una [&hellip;]</p>

LIÉBANA PEREGRINA Liébana peregrina, se edita con motivo del Año Santo Lebaniego 2023-2024. Contiene un conjunto de poemas que nacen de la profunda espiritualidad de Matilde Camus y su amor a la comarca de Liébana. Matilde escribe anteriormente, dos ediciones en los Años Santos Lebaniegos de los años 1977 y 2006. Se inicia con una&hellip;
