{"id":377,"date":"2012-12-10T13:39:22","date_gmt":"2012-12-10T13:39:22","guid":{"rendered":"http:\/\/www.matildecamus.com\/?page_id=377"},"modified":"2021-02-18T21:14:35","modified_gmt":"2021-02-18T21:14:35","slug":"la-estrellita-giroldina-y-su-gran-amado-el-sol","status":"publish","type":"page","link":"https:\/\/www.matildecamus.com\/?page_id=377","title":{"rendered":"LA ESTRELLITA GIROLDINA Y SU GRAN AMADO EL SOL ( Cuento 1999)"},"content":{"rendered":"\n<section class=\"wp-block-uagb-columns uagb-columns__wrap uagb-columns__background-undefined uagb-columns__stack-mobile uagb-columns__valign-undefined uagb-columns__gap-10 alignundefined uagb-block-2e14df1c\"><div class=\"uagb-columns__overlay\"><\/div><div class=\"uagb-columns__inner-wrap uagb-columns__columns-2\">\n<div class=\"wp-block-uagb-column uagb-column__wrap uagb-column__background-undefined uagb-block-b18750eb\"><div class=\"uagb-column__overlay\"><\/div><div class=\"uagb-column__inner-wrap\">\n<figure class=\"wp-block-image size-large\"><a href=\"http:\/\/www.matildecamus.com\/wp-content\/uploads\/2021\/01\/la-estrellita.jpg\"><img loading=\"lazy\" decoding=\"async\" width=\"250\" height=\"352\" src=\"http:\/\/www.matildecamus.com\/wp-content\/uploads\/2021\/01\/la-estrellita.jpg\" alt=\"\" class=\"wp-image-2129\" srcset=\"https:\/\/www.matildecamus.com\/wp-content\/uploads\/2021\/01\/la-estrellita.jpg 250w, https:\/\/www.matildecamus.com\/wp-content\/uploads\/2021\/01\/la-estrellita-213x300.jpg 213w\" sizes=\"auto, (max-width: 250px) 100vw, 250px\" \/><\/a><\/figure>\n<\/div><\/div>\n\n\n\n<div class=\"wp-block-uagb-column uagb-column__wrap uagb-column__background-undefined uagb-block-4f733e45\"><div class=\"uagb-column__overlay\"><\/div><div class=\"uagb-column__inner-wrap\">\n<h5 class=\"wp-block-heading\">Comentario del libro:<\/h5>\n\n\n\n<p>Publica este precioso&nbsp;e inspirado&nbsp;cuento infantil en el a\u00f1o <strong>1999<\/strong> son sencillos y musicales versos, dedicado en su primera p\u00e1gina: <strong>\u00abPara los m\u00e1s peque\u00f1itos\u00bb.<\/strong><\/p>\n\n\n\n<p>Se trata de un libro que ha sido trabajado por educadores con ni\u00f1os en diversos colegios, y guarder\u00edas&nbsp;en Santander y Madrid, tambi\u00e9n se ha representado en teatro infantil en Majadahonda.<\/p>\n\n\n\n<p>Editado por ROCAMADOR, Palencia en el a\u00f1o 1999.<\/p>\n\n\n\n<p>La portada y sencillas ilustraciones de su interior, son de su esposo Justo Guis\u00e1ndez<\/p>\n<\/div><\/div>\n<\/div><\/section>\n\n\n\n<h3 class=\"has-text-align-center wp-block-heading\">LA ESTRELLITA GIROLDINA Y SU GRAN AMADO EL SOL.<\/h3>\n\n\n\n<p class=\"has-text-align-center\">Hab\u00eda una dulce estrella<br>hermosa como una flor<br>que naci\u00f3 una primavera<br>de un trocito de calor.<br><br>La llamaban Giroldina<br>por bailar sin ton ni son,<br>luciendo verde pa\u00f1uelo<br>y zapatos de charol.<br>&nbsp;<br>Giroldina se encend\u00eda<br>con explosivo rubor,<br>cuando el sol la contemplaba<br>empapadito en sudor.&nbsp;<br><br>El Sol, siempre colorado,<br>con ojos de so\u00f1ador\u2026<br>cada vez que la ve\u00eda<br>se inflaba como un bal\u00f3n.&nbsp;<br><br>Prendado de la estrellita<br>se hac\u00eda el conquistador<br>y, con vozarr\u00f3n de trueno,<br>le cantaba una canci\u00f3n.&nbsp;<br><br>Un d\u00eda del mes de Mayo,<br>el rubicundo se\u00f1or,<br>la dijo: \u201c\u00bfC\u00f3mo te llamas<br>linda estrella, por favor?\u201d&nbsp;<br><br>T\u00edmida pero graciosa<br>la estrellita le mir\u00f3<br>y ensayando una pirueta<br>ante sus ojos gir\u00f3\u2026<br><br>Tan coqueta se mov\u00eda<br>la estrella, con tanto ardor\u2026<br>que el Sol qued\u00f3 cautivado<br>de su garbo y su primor.<span style=\"color: #ffffff;\">.<\/span><br><br>La estrella fue hasta el amado\u2026<br>un susurro era su voz<br>cuando le dijo, mimosa:<br>\u201cSoy Giroldina, se\u00f1or\u201d.<br><br>\u201cEs mi nombre de bautismo<br>y el que deb\u00e9is darme vos,<br>porque vivir\u00e9 girando\u2026<br>siempre a vuestro alrededor\u201d.<br><br>\u201c\u00a1Giroldina! \u00a1Giroldina!.<br>P\u00eddeme cualquier favor,<br>que jam\u00e1s podr\u00e9 negarme<br>a darte m\u00e1s y mejor\u201d<br><br>\u201cDue\u00f1o de las mis coranas<br>y del m\u00e1gico esplendor,<br>me conformo con mirarte<br>y ba\u00f1arme en tu fulgor\u201d.&nbsp;<br><br>\u201cHermosa estrella adorada<br>ninfa de claro arrebol,<br>juro que he de amarte tanto<br>que no habr\u00e1 mayor amor\u201d.&nbsp;<br><br>En mi boca pondr\u00e1 fuego\u2026<br>en tu pecho, un nuevo sol ;<br>en tus ojos amapolas<br>y en tu garganta oraci\u00f3n\u201d.<span style=\"color: #ffffff;\">&nbsp;.<\/span><br><br>Los dos siguen muy felices<br>en su conjunta ilusi\u00f3n<br>\u00e9l brillar\u00e1 como nunca<br>y ella bailar\u00e1 mejor.<span style=\"color: #ffffff;\">.&nbsp;<\/span><br><br>D\u00edas, meses, a\u00f1os, siglos\u2026<br>dura su hermosa pasi\u00f3n.<br>Por el espacio, encendidos,<br>\u00a1Van siempre, juntos, los dos!<\/p>\n\n\n\n<div class=\"wp-block-uagb-call-to-action uagb-cta__outer-wrap uagb-block-fce69cb0\"><div class=\"uagb-cta__content-wrap uagb-cta__block uagb-cta__icon-position-right uagb-cta__content-right uagb-cta__content-stacked-tablet uagb-cta__button-valign-middle \"><div class=\"uagb-cta__left-right-wrap\"><div class=\"uagb-cta__content\"><\/div><div class=\"uagb-cta__link-wrapper uagb-cta__block-link-style\"><div class=\"uagb-cta__button-wrapper\"><a href=\"#\" class=\"uagb-cta__button-link-wrapper uagb-cta__block-link uagb-cta-typeof-button\" target=\"_self\" rel=\"noopener noreferrer\"><span class=\"uagb-cta__link-content-inner\"><span>Inicio libro<\/span><\/span><\/a><\/div><\/div><\/div><\/div><\/div>\n","protected":false},"excerpt":{"rendered":"<p>Comentario del libro: Publica este precioso&nbsp;e inspirado&nbsp;cuento infantil en el a\u00f1o 1999 son sencillos y musicales versos, dedicado en su primera p\u00e1gina: \u00abPara los m\u00e1s peque\u00f1itos\u00bb. Se trata de un libro que ha sido trabajado por educadores con ni\u00f1os en diversos colegios, y guarder\u00edas&nbsp;en Santander y Madrid, tambi\u00e9n se ha representado en teatro infantil en [&hellip;]<\/p>\n","protected":false},"author":1,"featured_media":0,"parent":0,"menu_order":0,"comment_status":"closed","ping_status":"open","template":"","meta":{"_uag_custom_page_level_css":"","_monsterinsights_skip_tracking":false,"_monsterinsights_sitenote_active":false,"_monsterinsights_sitenote_note":"","_monsterinsights_sitenote_category":0,"site-sidebar-layout":"no-sidebar","site-content-layout":"default","ast-site-content-layout":"default","site-content-style":"default","site-sidebar-style":"default","ast-global-header-display":"","ast-banner-title-visibility":"","ast-main-header-display":"","ast-hfb-above-header-display":"","ast-hfb-below-header-display":"","ast-hfb-mobile-header-display":"","site-post-title":"","ast-breadcrumbs-content":"","ast-featured-img":"","footer-sml-layout":"","ast-disable-related-posts":"","theme-transparent-header-meta":"default","adv-header-id-meta":"","stick-header-meta":"","header-above-stick-meta":"","header-main-stick-meta":"","header-below-stick-meta":"","astra-migrate-meta-layouts":"default","ast-page-background-enabled":"default","ast-page-background-meta":{"desktop":{"background-color":"","background-image":"","background-repeat":"repeat","background-position":"center center","background-size":"auto","background-attachment":"scroll","background-type":"","background-media":"","overlay-type":"","overlay-color":"","overlay-opacity":"","overlay-gradient":""},"tablet":{"background-color":"","background-image":"","background-repeat":"repeat","background-position":"center center","background-size":"auto","background-attachment":"scroll","background-type":"","background-media":"","overlay-type":"","overlay-color":"","overlay-opacity":"","overlay-gradient":""},"mobile":{"background-color":"","background-image":"","background-repeat":"repeat","background-position":"center center","background-size":"auto","background-attachment":"scroll","background-type":"","background-media":"","overlay-type":"","overlay-color":"","overlay-opacity":"","overlay-gradient":""}},"ast-content-background-meta":{"desktop":{"background-color":"var(--ast-global-color-5)","background-image":"","background-repeat":"repeat","background-position":"center center","background-size":"auto","background-attachment":"scroll","background-type":"","background-media":"","overlay-type":"","overlay-color":"","overlay-opacity":"","overlay-gradient":""},"tablet":{"background-color":"var(--ast-global-color-5)","background-image":"","background-repeat":"repeat","background-position":"center center","background-size":"auto","background-attachment":"scroll","background-type":"","background-media":"","overlay-type":"","overlay-color":"","overlay-opacity":"","overlay-gradient":""},"mobile":{"background-color":"var(--ast-global-color-5)","background-image":"","background-repeat":"repeat","background-position":"center center","background-size":"auto","background-attachment":"scroll","background-type":"","background-media":"","overlay-type":"","overlay-color":"","overlay-opacity":"","overlay-gradient":""}},"footnotes":""},"class_list":["post-377","page","type-page","status-publish","hentry"],"uagb_featured_image_src":{"full":false,"thumbnail":false,"medium":false,"medium_large":false,"large":false,"1536x1536":false,"2048x2048":false},"uagb_author_info":{"display_name":"Matilde","author_link":"https:\/\/www.matildecamus.com\/?author=1"},"uagb_comment_info":0,"uagb_excerpt":"Comentario del libro: Publica este precioso&nbsp;e inspirado&nbsp;cuento infantil en el a\u00f1o 1999 son sencillos y musicales versos, dedicado en su primera p\u00e1gina: \u00abPara los m\u00e1s peque\u00f1itos\u00bb. Se trata de un libro que ha sido trabajado por educadores con ni\u00f1os en diversos colegios, y guarder\u00edas&nbsp;en Santander y Madrid, tambi\u00e9n se ha representado en teatro infantil en&hellip;","_links":{"self":[{"href":"https:\/\/www.matildecamus.com\/index.php?rest_route=\/wp\/v2\/pages\/377","targetHints":{"allow":["GET"]}}],"collection":[{"href":"https:\/\/www.matildecamus.com\/index.php?rest_route=\/wp\/v2\/pages"}],"about":[{"href":"https:\/\/www.matildecamus.com\/index.php?rest_route=\/wp\/v2\/types\/page"}],"author":[{"embeddable":true,"href":"https:\/\/www.matildecamus.com\/index.php?rest_route=\/wp\/v2\/users\/1"}],"replies":[{"embeddable":true,"href":"https:\/\/www.matildecamus.com\/index.php?rest_route=%2Fwp%2Fv2%2Fcomments&post=377"}],"version-history":[{"count":24,"href":"https:\/\/www.matildecamus.com\/index.php?rest_route=\/wp\/v2\/pages\/377\/revisions"}],"predecessor-version":[{"id":4010,"href":"https:\/\/www.matildecamus.com\/index.php?rest_route=\/wp\/v2\/pages\/377\/revisions\/4010"}],"wp:attachment":[{"href":"https:\/\/www.matildecamus.com\/index.php?rest_route=%2Fwp%2Fv2%2Fmedia&parent=377"}],"curies":[{"name":"wp","href":"https:\/\/api.w.org\/{rel}","templated":true}]}}

<section class="wp-block-uagb-columns uagb-columns__wrap uagb-columns__background-undefined uagb-columns__stack-mobile uagb-columns__valign-undefined uagb-columns__gap-10 alignundefined uagb-block-2e14df1c"><div class="uagb-columns__overlay"></div><div class="uagb-columns__inner-wrap uagb-columns__columns-2">
<div class="wp-block-uagb-column uagb-column__wrap uagb-column__background-undefined uagb-block-b18750eb"><div class="uagb-column__overlay"></div><div class="uagb-column__inner-wrap">
<figure class="wp-block-image size-large"><a href="http://www.matildecamus.com/wp-content/uploads/2021/01/la-estrellita.jpg"><img loading="lazy" decoding="async" width="250" height="352" src="http://www.matildecamus.com/wp-content/uploads/2021/01/la-estrellita.jpg" alt="" class="wp-image-2129" srcset="https://www.matildecamus.com/wp-content/uploads/2021/01/la-estrellita.jpg 250w, https://www.matildecamus.com/wp-content/uploads/2021/01/la-estrellita-213x300.jpg 213w" sizes="auto, (max-width: 250px) 100vw, 250px" /></a></figure>
</div></div>



<div class="wp-block-uagb-column uagb-column__wrap uagb-column__background-undefined uagb-block-4f733e45"><div class="uagb-column__overlay"></div><div class="uagb-column__inner-wrap">
<h5 class="wp-block-heading">Comentario del libro:</h5>



<p>Publica este precioso&nbsp;e inspirado&nbsp;cuento infantil en el año <strong>1999</strong> son sencillos y musicales versos, dedicado en su primera página: <strong>«Para los más pequeñitos».</strong></p>



<p>Se trata de un libro que ha sido trabajado por educadores con niños en diversos colegios, y guarderías&nbsp;en Santander y Madrid, también se ha representado en teatro infantil en Majadahonda.</p>



<p>Editado por ROCAMADOR, Palencia en el año 1999.</p>



<p>La portada y sencillas ilustraciones de su interior, son de su esposo Justo Guisández</p>
</div></div>
</div></section>



<h3 class="has-text-align-center wp-block-heading">LA ESTRELLITA GIROLDINA Y SU GRAN AMADO EL SOL.</h3>



<p class="has-text-align-center">Había una dulce estrella<br>hermosa como una flor<br>que nació una primavera<br>de un trocito de calor.<br><br>La llamaban Giroldina<br>por bailar sin ton ni son,<br>luciendo verde pañuelo<br>y zapatos de charol.<br>&nbsp;<br>Giroldina se encendía<br>con explosivo rubor,<br>cuando el sol la contemplaba<br>empapadito en sudor.&nbsp;<br><br>El Sol, siempre colorado,<br>con ojos de soñador…<br>cada vez que la veía<br>se inflaba como un balón.&nbsp;<br><br>Prendado de la estrellita<br>se hacía el conquistador<br>y, con vozarrón de trueno,<br>le cantaba una canción.&nbsp;<br><br>Un día del mes de Mayo,<br>el rubicundo señor,<br>la dijo: “¿Cómo te llamas<br>linda estrella, por favor?”&nbsp;<br><br>Tímida pero graciosa<br>la estrellita le miró<br>y ensayando una pirueta<br>ante sus ojos giró…<br><br>Tan coqueta se movía<br>la estrella, con tanto ardor…<br>que el Sol quedó cautivado<br>de su garbo y su primor.<span style="color: #ffffff;">.</span><br><br>La estrella fue hasta el amado…<br>un susurro era su voz<br>cuando le dijo, mimosa:<br>“Soy Giroldina, señor”.<br><br>“Es mi nombre de bautismo<br>y el que debéis darme vos,<br>porque viviré girando…<br>siempre a vuestro alrededor”.<br><br>“¡Giroldina! ¡Giroldina!.<br>Pídeme cualquier favor,<br>que jamás podré negarme<br>a darte más y mejor”<br><br>“Dueño de las mis coranas<br>y del mágico esplendor,<br>me conformo con mirarte<br>y bañarme en tu fulgor”.&nbsp;<br><br>“Hermosa estrella adorada<br>ninfa de claro arrebol,<br>juro que he de amarte tanto<br>que no habrá mayor amor”.&nbsp;<br><br>En mi boca pondrá fuego…<br>en tu pecho, un nuevo sol ;<br>en tus ojos amapolas<br>y en tu garganta oración”.<span style="color: #ffffff;">&nbsp;.</span><br><br>Los dos siguen muy felices<br>en su conjunta ilusión<br>él brillará como nunca<br>y ella bailará mejor.<span style="color: #ffffff;">.&nbsp;</span><br><br>Días, meses, años, siglos…<br>dura su hermosa pasión.<br>Por el espacio, encendidos,<br>¡Van siempre, juntos, los dos!</p>



<div class="wp-block-uagb-call-to-action uagb-cta__outer-wrap uagb-block-fce69cb0"><div class="uagb-cta__content-wrap uagb-cta__block uagb-cta__icon-position-right uagb-cta__content-right uagb-cta__content-stacked-tablet uagb-cta__button-valign-middle "><div class="uagb-cta__left-right-wrap"><div class="uagb-cta__content"></div><div class="uagb-cta__link-wrapper uagb-cta__block-link-style"><div class="uagb-cta__button-wrapper"><a href="#" class="uagb-cta__button-link-wrapper uagb-cta__block-link uagb-cta-typeof-button" target="_self" rel="noopener noreferrer"><span class="uagb-cta__link-content-inner"><span>Inicio libro</span></span></a></div></div></div></div></div>

<p>Comentario del libro: Publica este precioso&nbsp;e inspirado&nbsp;cuento infantil en el año 1999 son sencillos y musicales versos, dedicado en su primera página: «Para los más pequeñitos». Se trata de un libro que ha sido trabajado por educadores con niños en diversos colegios, y guarderías&nbsp;en Santander y Madrid, también se ha representado en teatro infantil en [&hellip;]</p>

Comentario del libro: Publica este precioso&nbsp;e inspirado&nbsp;cuento infantil en el año 1999 son sencillos y musicales versos, dedicado en su primera página: «Para los más pequeñitos». Se trata de un libro que ha sido trabajado por educadores con niños en diversos colegios, y guarderías&nbsp;en Santander y Madrid, también se ha representado en teatro infantil en&hellip;
