{"id":363,"date":"2012-12-10T13:32:21","date_gmt":"2012-12-10T13:32:21","guid":{"rendered":"http:\/\/www.matildecamus.com\/?page_id=363"},"modified":"2021-02-15T19:26:29","modified_gmt":"2021-02-15T19:26:29","slug":"vuelo-de-la-mente","status":"publish","type":"page","link":"https:\/\/www.matildecamus.com\/?page_id=363","title":{"rendered":"VUELO DE LA MENTE (1994)"},"content":{"rendered":"\n<section class=\"wp-block-uagb-columns uagb-columns__wrap uagb-columns__background-undefined uagb-columns__stack-mobile uagb-columns__valign-undefined uagb-columns__gap-10 alignundefined uagb-block-ab1be8e3\"><div class=\"uagb-columns__overlay\"><\/div><div class=\"uagb-columns__inner-wrap uagb-columns__columns-2\">\n<div class=\"wp-block-uagb-column uagb-column__wrap uagb-column__background-undefined uagb-block-7c1bbb24\"><div class=\"uagb-column__overlay\"><\/div><div class=\"uagb-column__inner-wrap\">\n<figure class=\"wp-block-image size-large\"><a href=\"http:\/\/www.matildecamus.com\/wp-content\/uploads\/2021\/01\/vuelo-de-la-mente.jpg\"><img loading=\"lazy\" decoding=\"async\" width=\"250\" height=\"352\" src=\"http:\/\/www.matildecamus.com\/wp-content\/uploads\/2021\/01\/vuelo-de-la-mente.jpg\" alt=\"\" class=\"wp-image-2081\" srcset=\"https:\/\/www.matildecamus.com\/wp-content\/uploads\/2021\/01\/vuelo-de-la-mente.jpg 250w, https:\/\/www.matildecamus.com\/wp-content\/uploads\/2021\/01\/vuelo-de-la-mente-213x300.jpg 213w\" sizes=\"auto, (max-width: 250px) 100vw, 250px\" \/><\/a><\/figure>\n<\/div><\/div>\n\n\n\n<div class=\"wp-block-uagb-column uagb-column__wrap uagb-column__background-undefined uagb-block-b6061f1f\"><div class=\"uagb-column__overlay\"><\/div><div class=\"uagb-column__inner-wrap\">\n<p><h5>Comentario del libro:<\/h5><\/p>\n\n\n\n<p>Publicado en 1994. Es un nuevo libro que coloca el recuerdo, siempre el recuerdo, como protagonista.  La poes\u00eda de Matilde vuelve a ser introspectiva,  pensar, desmenuzar ideas, sue\u00f1os y pasarlo todo por el coraz\u00f3n, re-cordarlo y, entregarse generosamente dejando entrever&nbsp; lo m\u00e1s \u00edntimo de s\u00ed misma.<\/p>\n\n\n\n<p>Con este libro&nbsp;empiezan a publicarse sus poemas en Palencia, en la <strong>COLECCI\u00d3N ROCAMADOR<\/strong>&nbsp;bajo la direcci\u00f3n del Poeta Jos\u00e9 Mar\u00eda Fern\u00e1ndez Nieto.<\/p>\n\n\n\n<p>Se inicia el libro con una reflexi\u00f3n de su admirado y nunca olvidado amigo Gerardo Diego: \u00ab<em>Lo importante es volar y no importa a d\u00f3nde el vuelo&#8230;\u00bb<\/em><\/p>\n<\/div><\/div>\n<\/div><\/section>\n\n\n\n<p>Tras el poema: LA NOCHE, hay una nota manuscrita de la autora que dice: \u00abDe esta \u00faltima estrofa, toda simbolismo podemos pasar al poema desde la inspiraci\u00f3n, donde, se halla la moraleja\u00bb<\/p>\n\n\n\n<p>Publicado por Rocamador.<\/p>\n\n\n\n<h3 class=\"has-text-align-center wp-block-heading\">DESDE ESTE RINC\u00d3N<\/h3>\n\n\n\n<p class=\"has-text-align-center\">Desde este rinc\u00f3n m\u00edo voy gestando<br>emociones nacidas en jornadas,<br>en horas de inquietud<br>con el pensar intr\u00ednseco del alma,<br>bebiendo sensaciones en cada amanecer<br>o labrando deseos<br>que me dicta la sangre sin descanso.<br>&nbsp;<span style=\"color: #ffffff;\">.<\/span><br>Desde este rinc\u00f3n m\u00edo, entre folios<br>revueltos, entre libros<br>que esperan mi lectura silenciosa,<br>vivo el momento cumbre del esp\u00edritu<br>a solas; m\u00e1s sensible, por ello,<br>a las n\u00edtidas voces<br>del c\u00e1lido sentir del pensamiento.<br><span style=\"color: #ffffff;\">&nbsp;.<\/span><br>Desde este rinc\u00f3n m\u00edo, alfarera<br>de versos y expresiones,<br>navego entre palabras migratorias<br>que, una vez construidas, me abandonan<br>y otras mentes, quiz\u00e1s,<br>comprendan su sentido y le enriquezcan.<\/p>\n\n\n\n<h3 class=\"has-text-align-center wp-block-heading\">MI PALABRA ES MI FUERZA<\/h3>\n\n\n\n<p class=\"has-text-align-center\">Mi palabra es mi fuerza<br>y su calor intr\u00ednseco<br>revela lo que vivo y lo que pienso,<br>expresando ella sola mi sentir<br>at\u00e1vico y profundo.<\/p>\n\n\n\n<p class=\"has-text-align-center\">Puede, a veces, mostrarse dulce y c\u00e1lida;<br>otras, plenamente rebelde o acusante;<br>siempre absoluta y libre<br>en todos los impulsos que la engendran,<br>con respuesta sincera y razonada.<\/p>\n\n\n\n<p class=\"has-text-align-center\">Puede exponer mi yo m\u00e1s espont\u00e1neo,<br>aut\u00e9ntico latido de mi mente<br>abierta a la verdad,<br>por los genes que habitan mi cerebro.<\/p>\n\n\n\n<p class=\"has-text-align-center\">Su fondo, siempre fiel,<br>lleva expresi\u00f3n donante y subjetiva<br>en emoci\u00f3n de ideas;<br>pero, siempre, expondr\u00e1 su sentimiento<br>tratando de ser clara y de ser noble.<\/p>\n\n\n\n<h3 class=\"has-text-align-center wp-block-heading\">HA PASADO EL PELIGRO<\/h3>\n\n\n\n<p class=\"has-text-align-center\"><em><strong>19-VIII-1990<\/strong><\/em><br>Ha pasado el peligro del amado<br>y vuelvo a sonre\u00edr<br>entre rojos geranios y claveles,<br>en pacto convergente con el agua<br>salobre de las l\u00e1grimas.<br>&nbsp;<span style=\"color: #ffffff;\">.<\/span><br>Y despu\u00e9s del insomnio lacerante<br>de una noche con Luna de halo triste,<br>repetido el temor y la vigilia,<br>descubro nuevos brillos en la aurora<br>y m\u00e1s fuego en el sol:<br>compromiso sereno de esperanza.<br>&nbsp;<span style=\"color: #ffffff;\">.<\/span><br>Ha pasado el peligro del amado<br>y mis labios, cuajados de plegarias,<br>han vuelto a sonre\u00edr<br>en comuni\u00f3n de gracias y promesas<br>nacidas del amor.<span style=\"color: #ffffff;\">.&nbsp;<\/span><\/p>\n\n\n\n<h3 class=\"has-text-align-center wp-block-heading\">LA NOCHE<\/h3>\n\n\n\n<p class=\"has-text-align-center\">La noche es la ventana m\u00e1s perfecta<br>abierta al universo de la vida<br>intemporal e ins\u00f3lita del alma,<br>clave de lo que est\u00e1<br>fuera de lo tangible, de lo humano,<br>lo que s\u00f3lo apreciamos<br>con los ojos despiertos del esp\u00edritu<br>en dimensi\u00f3n excelsa sin fisura,<br>con la pureza et\u00e9rea de la mente<br>en delirio de asombro<br>y la imaginaci\u00f3n m\u00e1s exultante.<br>&nbsp;<span style=\"color: #ffffff;\">.<\/span><br>La noche es misticismo<br>ampliamente sensible y meridiano,<br>profundamente arm\u00f3nico;<br>deja en nuestra retina la sorpresa<br>de ese mundo fant\u00e1stico y difuso<br>de sus estrellas m\u00e1gicas,<br>puntos de manantial en el misterio<br>como antorchas lejanas en gavillas,<br>luces casi divinas de astros fieles<br>que acunan esperanza<br>dentro de su equilibrio emocional.<br>&nbsp;<span style=\"color: #ffffff;\">.<\/span><br>La noche es como un sue\u00f1o prodigioso<br>y siendo realismo, por s\u00ed sola,<br>nos lleva a la ilusi\u00f3n m\u00e1s elevada<br>y a la imaginaci\u00f3n<br>bellamente plat\u00f3nica, sublime<br>y a la vez sensorial y metaf\u00edsica;<br>su verdad nos responde, nos envuelve<br>en el aura po\u00e9tica,<br>desde la inspiraci\u00f3n hasta el axioma<br>que asocia la existencia a lo creado,<br>para anular equ\u00edvoco y quimera<br>con pureza de cielo.<span style=\"color: #ffffff;\">&nbsp;.<\/span><\/p>\n\n\n\n<h3 class=\"has-text-align-center wp-block-heading\">ESPONT\u00c1NEOS MATICES<\/h3>\n\n\n\n<p class=\"has-text-align-center\"><em><strong>-A nuestros nietos-<\/strong><\/em><br>Nos tra\u00e9is Primavera,<br>blanca luz de ilusi\u00f3n hecha sonrisa<br>esplendente de n\u00e1cares,<br>nos tra\u00e9is juventud,<br>delicioso panal de alegres sue\u00f1os<br>y espont\u00e1neos matices.<br><span style=\"color: #ffffff;\">.&nbsp;<\/span><br>Nos tra\u00e9is lo m\u00e1s puro:<br>la verdad, el calor, lo amable y tierno,<br>la sencillez del alba<br>con ternura en los labios y pupilas,<br>donde mece el amor sus ideales<br>a coraz\u00f3n ungido.<br>&nbsp;<span style=\"color: #ffffff;\">.<\/span><br>Nos tra\u00e9is aire fresco<br>de pulsaci\u00f3n azul como la brisa<br>y un aliento vital que purifica<br>el aroma gozoso de la mar;<br>nos tra\u00e9is lo m\u00e1s bello que hoy existe<br>en medio de la Tierra.&nbsp;<span style=\"color: #ffffff;\">.<\/span><\/p>\n\n\n\n<h3 class=\"has-text-align-center wp-block-heading\">LIGERA COMO EL VIENTO<\/h3>\n\n\n\n<p class=\"has-text-align-center\">Ligera como el viento,<br>descubriendo caminos luminosos<br>buscaba el ideal que no traiciona,<br>que enriquece de frutos<br>los deseos m\u00e1s \u00edntimos del alma.<br>&nbsp;<span style=\"color: #ffffff;\">.<\/span><br>Eran mis pies ingr\u00e1vidos,<br>calzados con sandalias de ilusi\u00f3n<br>como cuando era ni\u00f1a<br>y acariciaba sue\u00f1os imposibles<br>recorriendo los prados.<br>&nbsp;<span style=\"color: #ffffff;\">.<\/span><br>Caminaba risue\u00f1a a tentar suerte<br>peinando prader\u00edas esmeralda<br>y r\u00edos cantarines;<br>dirig\u00eda los ojos hacia el l\u00edmite,<br>entre la claridad y la quimera,<br>desde el asfalto ruin a la Hermosura<br>acabada y perfecta.&nbsp;<span style=\"color: #ffffff;\">.<\/span><\/p>\n\n\n\n<h3 class=\"has-text-align-center wp-block-heading\">VEN DESDE LO LEJANO<\/h3>\n\n\n\n<p class=\"has-text-align-center\">Ven desde lo lejano&#8230;<br>ven desde el sue\u00f1o abstracto<br>y bendice esta vida que supura<br>de tantos vendavales;<br>que tu llegada firme su promesa,<br>y anule frustraciones.<br>&nbsp;<span style=\"color: #ffffff;\">.<\/span><br>Ven para remarcar<br>desde el tiempo sin dudas ni vac\u00edo<br>el pulso equilibrado,<br>ay\u00fadanos que estamos ya perdidos<br>y el\u00e9vanos al campo de lo hermoso<br>donde tu Voz ocupe nuestras almas.<br>&nbsp;<span style=\"color: #ffffff;\">.<\/span><br>Suplico tu llegada,<br>desde el Alba magn\u00edfica,<br>siempre bella y cercana, siempre amante<br>con pulsaciones firmes del Oriente;<br>Luz tendida como ala venturosa<br>dando vida al anhelo.<\/p>\n\n\n\n<h3 class=\"has-text-align-center wp-block-heading\">NUNCA PODR\u00c1 MORIR<\/h3>\n\n\n\n<p class=\"has-text-align-center\">Nunca podr\u00e1 morir<br>la fuente del amor y su consuelo,<br>ni el impulso del alma que sublima<br>aunque estemos al borde del abismo<br>y al fin de la materia,<br>siempre hay algo divino que redime.<\/p>\n\n\n\n<p class=\"has-text-align-center\">Ni en los tiempos m\u00e1s duros y dif\u00edciles<br>debemos olvidar<br>que la mente naci\u00f3 para lo excelso,<br>para ver mitigadas sus heridas<br>antes de ahogarse en l\u00e1grimas,<br>para seguir el propio caminar<br>con paso sostenido.<\/p>\n\n\n\n<p class=\"has-text-align-center\">Vivir almacenando fortaleza<br>puede anular desgracia y desencanto<br>en cariciosa senda de verdores<br>sin zarzales ni ortigas,<br>puede vencer lo oscuro y pedregoso<br>con potencial fervor en la sonrisa.<\/p>\n\n\n\n<h3 class=\"has-text-align-center wp-block-heading\">EN LA PENUMBRA<\/h3>\n\n\n\n<p class=\"has-text-align-center\">As\u00ed, en la penumbra,<br>dulcemente sensible el vuelo a solas<br>persiguiendo recuerdos, desnud\u00e1ndoles<br>para hacerles m\u00e1s m\u00edos,<br>para enjoyar la vida con su abrazo<br>de inolvidable aliento.<br>Velando en horas altas,<br>escuchando el golpeo de la lluvia<br>en comp\u00e1s sin respiro, como beso<br>del hombre que nos ama<br>pr\u00f3digo y f\u00e9rtil en sus ansias,<br>la vida sigue hermosa.<\/p>\n\n\n\n<p class=\"has-text-align-center\">Sazonada de versos, de locura<br>sustancial que me impulsa a la vigilia<br>y hace m\u00e1s fuerte y firme mi palabra<br>en unci\u00f3n de la aurora,<br>segura en voluntad y en osad\u00eda<br>versifico sin pausa.<\/p>\n\n\n\n<div class=\"wp-block-uagb-call-to-action uagb-cta__outer-wrap uagb-block-9ef129e4\"><div class=\"uagb-cta__content-wrap uagb-cta__block uagb-cta__icon-position-right uagb-cta__content-right uagb-cta__content-stacked-tablet uagb-cta__button-valign-middle \"><div class=\"uagb-cta__left-right-wrap\"><div class=\"uagb-cta__content\"><\/div><div class=\"uagb-cta__link-wrapper uagb-cta__block-link-style\"><div class=\"uagb-cta__button-wrapper\"><a href=\"#\" class=\"uagb-cta__button-link-wrapper uagb-cta__block-link uagb-cta-typeof-button\" target=\"_self\" rel=\"noopener noreferrer\"><span class=\"uagb-cta__link-content-inner\"><span>Inicio libro<\/span><\/span><\/a><\/div><\/div><\/div><\/div><\/div>\n","protected":false},"excerpt":{"rendered":"<p>Comentario del libro: Publicado en 1994. Es un nuevo libro que coloca el recuerdo, siempre el recuerdo, como protagonista. La poes\u00eda de Matilde vuelve a ser introspectiva, pensar, desmenuzar ideas, sue\u00f1os y pasarlo todo por el coraz\u00f3n, re-cordarlo y, entregarse generosamente dejando entrever&nbsp; lo m\u00e1s \u00edntimo de s\u00ed misma. Con este libro&nbsp;empiezan a publicarse sus [&hellip;]<\/p>\n","protected":false},"author":1,"featured_media":0,"parent":0,"menu_order":0,"comment_status":"closed","ping_status":"open","template":"","meta":{"_uag_custom_page_level_css":"","_monsterinsights_skip_tracking":false,"_monsterinsights_sitenote_active":false,"_monsterinsights_sitenote_note":"","_monsterinsights_sitenote_category":0,"site-sidebar-layout":"no-sidebar","site-content-layout":"default","ast-site-content-layout":"default","site-content-style":"default","site-sidebar-style":"default","ast-global-header-display":"","ast-banner-title-visibility":"","ast-main-header-display":"","ast-hfb-above-header-display":"","ast-hfb-below-header-display":"","ast-hfb-mobile-header-display":"","site-post-title":"","ast-breadcrumbs-content":"","ast-featured-img":"","footer-sml-layout":"","ast-disable-related-posts":"","theme-transparent-header-meta":"default","adv-header-id-meta":"","stick-header-meta":"","header-above-stick-meta":"","header-main-stick-meta":"","header-below-stick-meta":"","astra-migrate-meta-layouts":"default","ast-page-background-enabled":"default","ast-page-background-meta":{"desktop":{"background-color":"","background-image":"","background-repeat":"repeat","background-position":"center center","background-size":"auto","background-attachment":"scroll","background-type":"","background-media":"","overlay-type":"","overlay-color":"","overlay-opacity":"","overlay-gradient":""},"tablet":{"background-color":"","background-image":"","background-repeat":"repeat","background-position":"center center","background-size":"auto","background-attachment":"scroll","background-type":"","background-media":"","overlay-type":"","overlay-color":"","overlay-opacity":"","overlay-gradient":""},"mobile":{"background-color":"","background-image":"","background-repeat":"repeat","background-position":"center center","background-size":"auto","background-attachment":"scroll","background-type":"","background-media":"","overlay-type":"","overlay-color":"","overlay-opacity":"","overlay-gradient":""}},"ast-content-background-meta":{"desktop":{"background-color":"var(--ast-global-color-5)","background-image":"","background-repeat":"repeat","background-position":"center center","background-size":"auto","background-attachment":"scroll","background-type":"","background-media":"","overlay-type":"","overlay-color":"","overlay-opacity":"","overlay-gradient":""},"tablet":{"background-color":"var(--ast-global-color-5)","background-image":"","background-repeat":"repeat","background-position":"center center","background-size":"auto","background-attachment":"scroll","background-type":"","background-media":"","overlay-type":"","overlay-color":"","overlay-opacity":"","overlay-gradient":""},"mobile":{"background-color":"var(--ast-global-color-5)","background-image":"","background-repeat":"repeat","background-position":"center center","background-size":"auto","background-attachment":"scroll","background-type":"","background-media":"","overlay-type":"","overlay-color":"","overlay-opacity":"","overlay-gradient":""}},"footnotes":""},"class_list":["post-363","page","type-page","status-publish","hentry"],"uagb_featured_image_src":{"full":false,"thumbnail":false,"medium":false,"medium_large":false,"large":false,"1536x1536":false,"2048x2048":false},"uagb_author_info":{"display_name":"Matilde","author_link":"https:\/\/www.matildecamus.com\/?author=1"},"uagb_comment_info":0,"uagb_excerpt":"Comentario del libro: Publicado en 1994. Es un nuevo libro que coloca el recuerdo, siempre el recuerdo, como protagonista. La poes\u00eda de Matilde vuelve a ser introspectiva, pensar, desmenuzar ideas, sue\u00f1os y pasarlo todo por el coraz\u00f3n, re-cordarlo y, entregarse generosamente dejando entrever&nbsp; lo m\u00e1s \u00edntimo de s\u00ed misma. Con este libro&nbsp;empiezan a publicarse sus&hellip;","_links":{"self":[{"href":"https:\/\/www.matildecamus.com\/index.php?rest_route=\/wp\/v2\/pages\/363","targetHints":{"allow":["GET"]}}],"collection":[{"href":"https:\/\/www.matildecamus.com\/index.php?rest_route=\/wp\/v2\/pages"}],"about":[{"href":"https:\/\/www.matildecamus.com\/index.php?rest_route=\/wp\/v2\/types\/page"}],"author":[{"embeddable":true,"href":"https:\/\/www.matildecamus.com\/index.php?rest_route=\/wp\/v2\/users\/1"}],"replies":[{"embeddable":true,"href":"https:\/\/www.matildecamus.com\/index.php?rest_route=%2Fwp%2Fv2%2Fcomments&post=363"}],"version-history":[{"count":28,"href":"https:\/\/www.matildecamus.com\/index.php?rest_route=\/wp\/v2\/pages\/363\/revisions"}],"predecessor-version":[{"id":3987,"href":"https:\/\/www.matildecamus.com\/index.php?rest_route=\/wp\/v2\/pages\/363\/revisions\/3987"}],"wp:attachment":[{"href":"https:\/\/www.matildecamus.com\/index.php?rest_route=%2Fwp%2Fv2%2Fmedia&parent=363"}],"curies":[{"name":"wp","href":"https:\/\/api.w.org\/{rel}","templated":true}]}}