{"id":316,"date":"2012-12-10T13:00:36","date_gmt":"2012-12-10T13:00:36","guid":{"rendered":"http:\/\/www.matildecamus.com\/?page_id=316"},"modified":"2021-09-11T10:51:09","modified_gmt":"2021-09-11T10:51:09","slug":"vuelo-de-estrellas","status":"publish","type":"page","link":"https:\/\/www.matildecamus.com\/?page_id=316","title":{"rendered":"VUELO DE ESTRELLAS (1969)"},"content":{"rendered":"\n<section class=\"wp-block-uagb-columns uagb-columns__wrap uagb-columns__background-undefined uagb-columns__stack-mobile uagb-columns__valign-undefined uagb-columns__gap-10 alignundefined uagb-block-6e4c5068\"><div class=\"uagb-columns__overlay\"><\/div><div class=\"uagb-columns__inner-wrap uagb-columns__columns-2\">\n<div class=\"wp-block-uagb-column uagb-column__wrap uagb-column__background-undefined uagb-block-11ae3239\"><div class=\"uagb-column__overlay\"><\/div><div class=\"uagb-column__inner-wrap\">\n<figure class=\"wp-block-image size-large is-resized\"><a href=\"http:\/\/www.matildecamus.com\/wp-content\/uploads\/2021\/01\/vuelo-de-las-estrellas.jpg\"><img loading=\"lazy\" decoding=\"async\" src=\"http:\/\/www.matildecamus.com\/wp-content\/uploads\/2021\/01\/vuelo-de-las-estrellas.jpg\" alt=\"\" class=\"wp-image-1989\" width=\"281\" height=\"394\" srcset=\"https:\/\/www.matildecamus.com\/wp-content\/uploads\/2021\/01\/vuelo-de-las-estrellas.jpg 250w, https:\/\/www.matildecamus.com\/wp-content\/uploads\/2021\/01\/vuelo-de-las-estrellas-214x300.jpg 214w\" sizes=\"auto, (max-width: 281px) 100vw, 281px\" \/><\/a><\/figure>\n<\/div><\/div>\n\n\n\n<div class=\"wp-block-uagb-column uagb-column__wrap uagb-column__background-undefined uagb-block-05aff53c\"><div class=\"uagb-column__overlay\"><\/div><div class=\"uagb-column__inner-wrap\">\n<h5 class=\"wp-block-heading\">Comentario del libro:&nbsp;.<\/h5>\n\n\n\n<p>En el a\u00f1o 1969 se publican dos libros de Matilde Camus: <strong>VOCES<\/strong>\u00a0 y  <strong>VUELO DE ESTRELLAS<\/strong>. Es tambi\u00e9n el a\u00f1o en que Jose Ram\u00f3n Martinez Hernani, le propone ir en su candidatura a la Junta Directiva del Ateneo, como presidenta de la Secci\u00f3n de Literatura, que es un precedente, una mujer en dicho cargo, en la historia del Ateneo. Su esposo Justo Guis\u00e1ndez acepta tambi\u00e9n su participaci\u00f3n como secretario de dicha Junta. <\/p>\n\n\n\n<p>Es un libro que surge de los sentimientos que le suscita la incorporaci\u00f3n de su  segundo  hijo, a  la Academia General, del Ejercito del Aire de Espa\u00f1a en San Javier. Murcia. <\/p>\n\n\n\n<p>Fue prologado por D. Rafael L\u00f3pez Pe\u00f1a, quien era el coronel director de la AGA y lleva al inicio una dedicatoria: <em>\u00abA mi hijo, Francisco Javier Guis\u00e1ndez, teniente de Aviaci\u00f3n del Ejercito Nacional del Aire, a la 21 promoci\u00f3n a la que pertenece\u00bb<\/em>.se regal\u00f3 el d\u00eda de la entrega de despachos a cada uno de los 52 tenientes de la promoci\u00f3n..<\/p>\n\n\n\n<p>La portada es obra de Justo Guis\u00e1ndez, su esposo.&nbsp;.<\/p>\n<\/div><\/div>\n<\/div><\/section>\n\n\n\n<h3 class=\"has-text-align-center wp-block-heading\">CANTO DE AMOR<\/h3>\n\n\n\n<p class=\"has-text-align-center\">Llevo abiertos los ojos hacia el Cielo.<br>Voy trazando caminos de alegr\u00eda.<br>El esfuerzo va en m\u00ed, noche tras d\u00eda,<br>en este acto de amor, lleno de celo.<\/p>\n\n\n\n<p class=\"has-text-align-center\">A Ti dulce Mar\u00eda, a tu consuelo,<br>a tu mirada azul de valent\u00eda,<br>debo mi gran pasi\u00f3n. Es ya tan m\u00eda<br>que soy parte del aire cuando vuelo.<\/p>\n\n\n\n<p class=\"has-text-align-center\">Se\u00f1ora de Loreto, abre tu manos,<br>deja caer alientos sobrehumanos<br>sobre el fuerte motor, sobre sus ejes.<\/p>\n\n\n\n<p class=\"has-text-align-center\">Yo s\u00e9 que te enamoran las alturas<br>que, cuando yo despego, te apresuras<br>y sentada en las alas me proteges.<\/p>\n\n\n\n<h3 class=\"has-text-align-center wp-block-heading\">VUELO DE ESTRELLAS<\/h3>\n\n\n\n<p class=\"has-text-align-center\">Hay latidos en el aire<br>de corazones abiertos.<br>Hay escarchados sentires<br>en los azules senderos.<br>Hay mil pisadas de p\u00e1jaros<br>con alas en desperezo.<br>All\u00e1 arriba, en el espacio,<br>hay mil ojos bien despiertos.<br>Misterios de luces verdes<br>que llenan mis pensamientos.<br>Cientos y cientos de pulsos<br>en constelados aceros.<br>Amaneceres partidos<br>por esos aviones nuevos<br>que t\u00fa ir\u00e1s a pilotar<br>mientras yo trenzo mis rezos<br>Madre&#8230;\u00a1Quiero ser piloto!<br>Para ba\u00f1arme en luceros,<br>para embriagarme de Luna,<br>para llenarme de cielo.<br>Hijo&#8230;\u00a1Quiero ser poeta!<br>Para so\u00f1ar con tus sue\u00f1os,<br>para alfombrarte de rosas<br>esas rutas de tus vuelos.<br>Para deshacerme en flores<br>sobre las nubes y el viento,<br>marcando bien los caminos<br>que te ayuden al descenso.<span style=\"color: #ffffff;\">&nbsp;.<\/span><\/p>\n\n\n\n<h3 class=\"has-text-align-center wp-block-heading\">RUTAS DE GLORIA<\/h3>\n\n\n\n<p class=\"has-text-align-center\">Con potencia y majestad<br>tu T6 sigue volando.<br>Cruzas r\u00e1pido y seguro<br>con el centraje en los planos.<br>Te sigo&#8230;, no alcanzo a verte&#8230;<br>las nubes te han ocultado<br>y en el pa\u00f1uelo del aire<br>mis l\u00e1grimas se han secado.<br>Rutas libres de firmeza,<br>de vida, de gloria y llanto;<br>por esas mieses dif\u00edciles<br>la brisa se cae temblando.<br>Almas vitales, de anchura,<br>en despliegue soberano,<br>van recogiendo suspiros<br>de otros mundos planetarios.<br>Centro de escucha. Las h\u00e9lices<br>al rugir en el espacio<br>frenan mi ansiedad de espera<br>moviendo en rezo mis labios.<span style=\"color: #ffffff;\">&nbsp;.<\/span><\/p>\n\n\n\n<h3 class=\"has-text-align-center wp-block-heading\">P\u00c1JARO DEL REV\u00c9S<\/h3>\n\n\n\n<p class=\"has-text-align-center\">El sol te riega los pies<br>porque has invertido el vuelo,<br>porque vuelas del rev\u00e9s<br>y llevas por suelo el cielo.<br>Los atalajes se aflojan<br>hay que luchar con aguante.<br>Cara y cuello se sonrojan<br>y el alma te grita, \u00a1avante!<br>La gravedad se acelera,<br>el m\u00fasculo se estiliza<br>y el pa\u00f1uelo es cual bandera<br>que al sol y al aire se riza.<br>En \u201clooping\u201d saltas y subes<br>al cabalgar sobre el viento.<br>Lejos, silencio de nubes<br>y un planeta polvoriento.<span style=\"color: #ffffff;\">&nbsp;.<\/span><\/p>\n\n\n\n<h3 class=\"has-text-align-center wp-block-heading\">HORIZONTE ABIERTO<\/h3>\n\n\n\n<p class=\"has-text-align-center\">Tu T6 lame los montes<br>entre los labios sinceros<br>y las sonrisas del aire<br>que te ba\u00f1an en incienso.<br>Vas llegando a la ciudad<br>lleno de horizonte abierto<br>y piensas que te has perdido<br>o ha terminado tu sue\u00f1o.<br>El serpent\u00edn de las calles,<br>entre los negros aleros,<br>no es ese mar infinito<br>de tus azules senderos.<br>No dudes m\u00e1s, retrocede,<br>vuelve al espacio sereno<br>pleno de cumunolimbos<br>que doran tus pensamientos.<span style=\"color: #ffffff;\">&nbsp;.<\/span><\/p>\n\n\n\n<h3 class=\"has-text-align-center wp-block-heading\">TU ALMA ES UN LUCERO<\/h3>\n\n\n\n<p class=\"has-text-align-center\"><em>-Al Teniente de aviaci\u00f3n Rufino Canales-<\/em><br>Cuatro avionetas llegaron<br>como cuatro pensamientos,<br>como cuentas de rosario,<br>como plegarias al viento.<br>Cuatro fornidos pilotos<br>han llegado desde lejos:<br>el alma deshecha en l\u00e1grimas<br>y llantos de adi\u00f3s postrero.<br>Te elevan los cuatro en alto<br>hacia el camino del cielo,<br>sendero final so\u00f1ado<br>cuando finaliza el sue\u00f1o.<br>Llegas al trono de honor,<br>\u201cla Inmortal\u201d guarda tu puesto<br>y sorprendidas estrellas<br>habr\u00e1n salido a tu encuentro.<br>Cuatro de ellas te reciben<br>con sus seis puntas de fuego.<br>Una, es la estrella galana<br>de la Virgen de Loreto.<br>Dos, las estrellas doradas<br>que ganaste con esfuerzo:<br>estrellas de vocaci\u00f3n,<br>escalas del firmamento.<br>Y por \u00faltimo, la estrella<br>m\u00e1s rutilante en destellos,<br>la estrella de la Vida Eterna<br>que Dios da a sus predilectos.<br>Por ti lloran, hoy, \u201clas \u00c1guilas\u00bb<br>y los \u00e1ngeles del cielo.<br>De ternura desbordada<br>se cegar\u00e1n los luceros,<br>porque est\u00e1s alto, \u00a1tan alto!,<br>como eran tus pensamientos<br>y tus ansias juveniles&#8230;<br>y tus sue\u00f1os&#8230; y tus rezos&#8230;<br>Como madre de un teniente<br>\u00a1d\u00e9jame enviarte un beso!<br>que mi alma siente tu ausencia<br>con dolor casi materno.<span style=\"color: #ffffff;\">&nbsp;.<\/span><\/p>\n\n\n\n<h3 class=\"has-text-align-center wp-block-heading\">CANTO DE ESPERANZA<\/h3>\n\n\n\n<p class=\"has-text-align-center\">Se\u00f1ora de Loreto, en alto vuelo,<br>vivo la hermosa gloria de la altura,<br>nimbado de ideales y bravura<br>o hambriento de los brazos de Tu cielo.<br><span style=\"color: #ffffff;\">&nbsp;.<\/span><br>Rotunda es la emoci\u00f3n de fuerte anhelo<br>que gozo en los caminos de aventura.<br>Tu esp\u00edritu aviador vuelto ternura<br>abre a mi ser la flor de su desvelo.<br><span style=\"color: #ffffff;\">&nbsp;.<\/span><br>Ven junto a m\u00ed, Paloma de delirios,<br>dame las blancas manos de tus lirios<br>y seguir\u00e9 por rutas con bonanza.<br><span style=\"color: #ffffff;\">&nbsp;.<\/span><br>Si falla el coraz\u00f3n de los motores<br>que sea red tu manto, hecho de amores,<br>o se transforme en alas de esperanza.<\/p>\n\n\n\n<div class=\"wp-block-uagb-call-to-action uagb-cta__outer-wrap uagb-block-b8bc41d9\"><div class=\"uagb-cta__content-wrap uagb-cta__block uagb-cta__icon-position-right uagb-cta__content-right uagb-cta__content-stacked-tablet uagb-cta__button-valign-middle \"><div class=\"uagb-cta__left-right-wrap\"><div class=\"uagb-cta__content\"><\/div><div class=\"uagb-cta__link-wrapper uagb-cta__block-link-style\"><div class=\"uagb-cta__button-wrapper\"><a href=\"#\" class=\"uagb-cta__button-link-wrapper uagb-cta__block-link uagb-cta-typeof-button\" target=\"_self\" rel=\"noopener noreferrer\"><span class=\"uagb-cta__link-content-inner\"><span>Inicio libro<\/span><\/span><\/a><\/div><\/div><\/div><\/div><\/div>\n","protected":false},"excerpt":{"rendered":"<p>Comentario del libro:&nbsp;. En el a\u00f1o 1969 se publican dos libros de Matilde Camus: VOCES\u00a0 y VUELO DE ESTRELLAS. Es tambi\u00e9n el a\u00f1o en que Jose Ram\u00f3n Martinez Hernani, le propone ir en su candidatura a la Junta Directiva del Ateneo, como presidenta de la Secci\u00f3n de Literatura, que es un precedente, una mujer en [&hellip;]<\/p>\n","protected":false},"author":1,"featured_media":0,"parent":0,"menu_order":0,"comment_status":"closed","ping_status":"open","template":"","meta":{"_uag_custom_page_level_css":"","_monsterinsights_skip_tracking":false,"_monsterinsights_sitenote_active":false,"_monsterinsights_sitenote_note":"","_monsterinsights_sitenote_category":0,"site-sidebar-layout":"no-sidebar","site-content-layout":"default","ast-site-content-layout":"default","site-content-style":"default","site-sidebar-style":"default","ast-global-header-display":"","ast-banner-title-visibility":"","ast-main-header-display":"","ast-hfb-above-header-display":"","ast-hfb-below-header-display":"","ast-hfb-mobile-header-display":"","site-post-title":"","ast-breadcrumbs-content":"","ast-featured-img":"","footer-sml-layout":"","ast-disable-related-posts":"","theme-transparent-header-meta":"default","adv-header-id-meta":"","stick-header-meta":"","header-above-stick-meta":"","header-main-stick-meta":"","header-below-stick-meta":"","astra-migrate-meta-layouts":"default","ast-page-background-enabled":"default","ast-page-background-meta":{"desktop":{"background-color":"","background-image":"","background-repeat":"repeat","background-position":"center center","background-size":"auto","background-attachment":"scroll","background-type":"","background-media":"","overlay-type":"","overlay-color":"","overlay-opacity":"","overlay-gradient":""},"tablet":{"background-color":"","background-image":"","background-repeat":"repeat","background-position":"center center","background-size":"auto","background-attachment":"scroll","background-type":"","background-media":"","overlay-type":"","overlay-color":"","overlay-opacity":"","overlay-gradient":""},"mobile":{"background-color":"","background-image":"","background-repeat":"repeat","background-position":"center center","background-size":"auto","background-attachment":"scroll","background-type":"","background-media":"","overlay-type":"","overlay-color":"","overlay-opacity":"","overlay-gradient":""}},"ast-content-background-meta":{"desktop":{"background-color":"var(--ast-global-color-5)","background-image":"","background-repeat":"repeat","background-position":"center center","background-size":"auto","background-attachment":"scroll","background-type":"","background-media":"","overlay-type":"","overlay-color":"","overlay-opacity":"","overlay-gradient":""},"tablet":{"background-color":"var(--ast-global-color-5)","background-image":"","background-repeat":"repeat","background-position":"center center","background-size":"auto","background-attachment":"scroll","background-type":"","background-media":"","overlay-type":"","overlay-color":"","overlay-opacity":"","overlay-gradient":""},"mobile":{"background-color":"var(--ast-global-color-5)","background-image":"","background-repeat":"repeat","background-position":"center center","background-size":"auto","background-attachment":"scroll","background-type":"","background-media":"","overlay-type":"","overlay-color":"","overlay-opacity":"","overlay-gradient":""}},"footnotes":""},"class_list":["post-316","page","type-page","status-publish","hentry"],"uagb_featured_image_src":{"full":false,"thumbnail":false,"medium":false,"medium_large":false,"large":false,"1536x1536":false,"2048x2048":false},"uagb_author_info":{"display_name":"Matilde","author_link":"https:\/\/www.matildecamus.com\/?author=1"},"uagb_comment_info":0,"uagb_excerpt":"Comentario del libro:&nbsp;. En el a\u00f1o 1969 se publican dos libros de Matilde Camus: VOCES\u00a0 y VUELO DE ESTRELLAS. Es tambi\u00e9n el a\u00f1o en que Jose Ram\u00f3n Martinez Hernani, le propone ir en su candidatura a la Junta Directiva del Ateneo, como presidenta de la Secci\u00f3n de Literatura, que es un precedente, una mujer en&hellip;","_links":{"self":[{"href":"https:\/\/www.matildecamus.com\/index.php?rest_route=\/wp\/v2\/pages\/316","targetHints":{"allow":["GET"]}}],"collection":[{"href":"https:\/\/www.matildecamus.com\/index.php?rest_route=\/wp\/v2\/pages"}],"about":[{"href":"https:\/\/www.matildecamus.com\/index.php?rest_route=\/wp\/v2\/types\/page"}],"author":[{"embeddable":true,"href":"https:\/\/www.matildecamus.com\/index.php?rest_route=\/wp\/v2\/users\/1"}],"replies":[{"embeddable":true,"href":"https:\/\/www.matildecamus.com\/index.php?rest_route=%2Fwp%2Fv2%2Fcomments&post=316"}],"version-history":[{"count":36,"href":"https:\/\/www.matildecamus.com\/index.php?rest_route=\/wp\/v2\/pages\/316\/revisions"}],"predecessor-version":[{"id":4359,"href":"https:\/\/www.matildecamus.com\/index.php?rest_route=\/wp\/v2\/pages\/316\/revisions\/4359"}],"wp:attachment":[{"href":"https:\/\/www.matildecamus.com\/index.php?rest_route=%2Fwp%2Fv2%2Fmedia&parent=316"}],"curies":[{"name":"wp","href":"https:\/\/api.w.org\/{rel}","templated":true}]}}

<section class="wp-block-uagb-columns uagb-columns__wrap uagb-columns__background-undefined uagb-columns__stack-mobile uagb-columns__valign-undefined uagb-columns__gap-10 alignundefined uagb-block-6e4c5068"><div class="uagb-columns__overlay"></div><div class="uagb-columns__inner-wrap uagb-columns__columns-2">
<div class="wp-block-uagb-column uagb-column__wrap uagb-column__background-undefined uagb-block-11ae3239"><div class="uagb-column__overlay"></div><div class="uagb-column__inner-wrap">
<figure class="wp-block-image size-large is-resized"><a href="http://www.matildecamus.com/wp-content/uploads/2021/01/vuelo-de-las-estrellas.jpg"><img loading="lazy" decoding="async" src="http://www.matildecamus.com/wp-content/uploads/2021/01/vuelo-de-las-estrellas.jpg" alt="" class="wp-image-1989" width="281" height="394" srcset="https://www.matildecamus.com/wp-content/uploads/2021/01/vuelo-de-las-estrellas.jpg 250w, https://www.matildecamus.com/wp-content/uploads/2021/01/vuelo-de-las-estrellas-214x300.jpg 214w" sizes="auto, (max-width: 281px) 100vw, 281px" /></a></figure>
</div></div>



<div class="wp-block-uagb-column uagb-column__wrap uagb-column__background-undefined uagb-block-05aff53c"><div class="uagb-column__overlay"></div><div class="uagb-column__inner-wrap">
<h5 class="wp-block-heading">Comentario del libro:&nbsp;.</h5>



<p>En el año 1969 se publican dos libros de Matilde Camus: <strong>VOCES</strong>  y  <strong>VUELO DE ESTRELLAS</strong>. Es también el año en que Jose Ramón Martinez Hernani, le propone ir en su candidatura a la Junta Directiva del Ateneo, como presidenta de la Sección de Literatura, que es un precedente, una mujer en dicho cargo, en la historia del Ateneo. Su esposo Justo Guisández acepta también su participación como secretario de dicha Junta. </p>



<p>Es un libro que surge de los sentimientos que le suscita la incorporación de su  segundo  hijo, a  la Academia General, del Ejercito del Aire de España en San Javier. Murcia. </p>



<p>Fue prologado por D. Rafael López Peña, quien era el coronel director de la AGA y lleva al inicio una dedicatoria: <em>«A mi hijo, Francisco Javier Guisández, teniente de Aviación del Ejercito Nacional del Aire, a la 21 promoción a la que pertenece»</em>.se regaló el día de la entrega de despachos a cada uno de los 52 tenientes de la promoción..</p>



<p>La portada es obra de Justo Guisández, su esposo.&nbsp;.</p>
</div></div>
</div></section>



<h3 class="has-text-align-center wp-block-heading">CANTO DE AMOR</h3>



<p class="has-text-align-center">Llevo abiertos los ojos hacia el Cielo.<br>Voy trazando caminos de alegría.<br>El esfuerzo va en mí, noche tras día,<br>en este acto de amor, lleno de celo.</p>



<p class="has-text-align-center">A Ti dulce María, a tu consuelo,<br>a tu mirada azul de valentía,<br>debo mi gran pasión. Es ya tan mía<br>que soy parte del aire cuando vuelo.</p>



<p class="has-text-align-center">Señora de Loreto, abre tu manos,<br>deja caer alientos sobrehumanos<br>sobre el fuerte motor, sobre sus ejes.</p>



<p class="has-text-align-center">Yo sé que te enamoran las alturas<br>que, cuando yo despego, te apresuras<br>y sentada en las alas me proteges.</p>



<h3 class="has-text-align-center wp-block-heading">VUELO DE ESTRELLAS</h3>



<p class="has-text-align-center">Hay latidos en el aire<br>de corazones abiertos.<br>Hay escarchados sentires<br>en los azules senderos.<br>Hay mil pisadas de pájaros<br>con alas en desperezo.<br>Allá arriba, en el espacio,<br>hay mil ojos bien despiertos.<br>Misterios de luces verdes<br>que llenan mis pensamientos.<br>Cientos y cientos de pulsos<br>en constelados aceros.<br>Amaneceres partidos<br>por esos aviones nuevos<br>que tú irás a pilotar<br>mientras yo trenzo mis rezos<br>Madre&#8230;¡Quiero ser piloto!<br>Para bañarme en luceros,<br>para embriagarme de Luna,<br>para llenarme de cielo.<br>Hijo&#8230;¡Quiero ser poeta!<br>Para soñar con tus sueños,<br>para alfombrarte de rosas<br>esas rutas de tus vuelos.<br>Para deshacerme en flores<br>sobre las nubes y el viento,<br>marcando bien los caminos<br>que te ayuden al descenso.<span style="color: #ffffff;">&nbsp;.</span></p>



<h3 class="has-text-align-center wp-block-heading">RUTAS DE GLORIA</h3>



<p class="has-text-align-center">Con potencia y majestad<br>tu T6 sigue volando.<br>Cruzas rápido y seguro<br>con el centraje en los planos.<br>Te sigo&#8230;, no alcanzo a verte&#8230;<br>las nubes te han ocultado<br>y en el pañuelo del aire<br>mis lágrimas se han secado.<br>Rutas libres de firmeza,<br>de vida, de gloria y llanto;<br>por esas mieses difíciles<br>la brisa se cae temblando.<br>Almas vitales, de anchura,<br>en despliegue soberano,<br>van recogiendo suspiros<br>de otros mundos planetarios.<br>Centro de escucha. Las hélices<br>al rugir en el espacio<br>frenan mi ansiedad de espera<br>moviendo en rezo mis labios.<span style="color: #ffffff;">&nbsp;.</span></p>



<h3 class="has-text-align-center wp-block-heading">PÁJARO DEL REVÉS</h3>



<p class="has-text-align-center">El sol te riega los pies<br>porque has invertido el vuelo,<br>porque vuelas del revés<br>y llevas por suelo el cielo.<br>Los atalajes se aflojan<br>hay que luchar con aguante.<br>Cara y cuello se sonrojan<br>y el alma te grita, ¡avante!<br>La gravedad se acelera,<br>el músculo se estiliza<br>y el pañuelo es cual bandera<br>que al sol y al aire se riza.<br>En “looping” saltas y subes<br>al cabalgar sobre el viento.<br>Lejos, silencio de nubes<br>y un planeta polvoriento.<span style="color: #ffffff;">&nbsp;.</span></p>



<h3 class="has-text-align-center wp-block-heading">HORIZONTE ABIERTO</h3>



<p class="has-text-align-center">Tu T6 lame los montes<br>entre los labios sinceros<br>y las sonrisas del aire<br>que te bañan en incienso.<br>Vas llegando a la ciudad<br>lleno de horizonte abierto<br>y piensas que te has perdido<br>o ha terminado tu sueño.<br>El serpentín de las calles,<br>entre los negros aleros,<br>no es ese mar infinito<br>de tus azules senderos.<br>No dudes más, retrocede,<br>vuelve al espacio sereno<br>pleno de cumunolimbos<br>que doran tus pensamientos.<span style="color: #ffffff;">&nbsp;.</span></p>



<h3 class="has-text-align-center wp-block-heading">TU ALMA ES UN LUCERO</h3>



<p class="has-text-align-center"><em>-Al Teniente de aviación Rufino Canales-</em><br>Cuatro avionetas llegaron<br>como cuatro pensamientos,<br>como cuentas de rosario,<br>como plegarias al viento.<br>Cuatro fornidos pilotos<br>han llegado desde lejos:<br>el alma deshecha en lágrimas<br>y llantos de adiós postrero.<br>Te elevan los cuatro en alto<br>hacia el camino del cielo,<br>sendero final soñado<br>cuando finaliza el sueño.<br>Llegas al trono de honor,<br>“la Inmortal” guarda tu puesto<br>y sorprendidas estrellas<br>habrán salido a tu encuentro.<br>Cuatro de ellas te reciben<br>con sus seis puntas de fuego.<br>Una, es la estrella galana<br>de la Virgen de Loreto.<br>Dos, las estrellas doradas<br>que ganaste con esfuerzo:<br>estrellas de vocación,<br>escalas del firmamento.<br>Y por último, la estrella<br>más rutilante en destellos,<br>la estrella de la Vida Eterna<br>que Dios da a sus predilectos.<br>Por ti lloran, hoy, “las Águilas»<br>y los ángeles del cielo.<br>De ternura desbordada<br>se cegarán los luceros,<br>porque estás alto, ¡tan alto!,<br>como eran tus pensamientos<br>y tus ansias juveniles&#8230;<br>y tus sueños&#8230; y tus rezos&#8230;<br>Como madre de un teniente<br>¡déjame enviarte un beso!<br>que mi alma siente tu ausencia<br>con dolor casi materno.<span style="color: #ffffff;">&nbsp;.</span></p>



<h3 class="has-text-align-center wp-block-heading">CANTO DE ESPERANZA</h3>



<p class="has-text-align-center">Señora de Loreto, en alto vuelo,<br>vivo la hermosa gloria de la altura,<br>nimbado de ideales y bravura<br>o hambriento de los brazos de Tu cielo.<br><span style="color: #ffffff;">&nbsp;.</span><br>Rotunda es la emoción de fuerte anhelo<br>que gozo en los caminos de aventura.<br>Tu espíritu aviador vuelto ternura<br>abre a mi ser la flor de su desvelo.<br><span style="color: #ffffff;">&nbsp;.</span><br>Ven junto a mí, Paloma de delirios,<br>dame las blancas manos de tus lirios<br>y seguiré por rutas con bonanza.<br><span style="color: #ffffff;">&nbsp;.</span><br>Si falla el corazón de los motores<br>que sea red tu manto, hecho de amores,<br>o se transforme en alas de esperanza.</p>



<div class="wp-block-uagb-call-to-action uagb-cta__outer-wrap uagb-block-b8bc41d9"><div class="uagb-cta__content-wrap uagb-cta__block uagb-cta__icon-position-right uagb-cta__content-right uagb-cta__content-stacked-tablet uagb-cta__button-valign-middle "><div class="uagb-cta__left-right-wrap"><div class="uagb-cta__content"></div><div class="uagb-cta__link-wrapper uagb-cta__block-link-style"><div class="uagb-cta__button-wrapper"><a href="#" class="uagb-cta__button-link-wrapper uagb-cta__block-link uagb-cta-typeof-button" target="_self" rel="noopener noreferrer"><span class="uagb-cta__link-content-inner"><span>Inicio libro</span></span></a></div></div></div></div></div>

<p>Comentario del libro:&nbsp;. En el año 1969 se publican dos libros de Matilde Camus: VOCES  y VUELO DE ESTRELLAS. Es también el año en que Jose Ramón Martinez Hernani, le propone ir en su candidatura a la Junta Directiva del Ateneo, como presidenta de la Sección de Literatura, que es un precedente, una mujer en [&hellip;]</p>

Comentario del libro:&nbsp;. En el año 1969 se publican dos libros de Matilde Camus: VOCES  y VUELO DE ESTRELLAS. Es también el año en que Jose Ramón Martinez Hernani, le propone ir en su candidatura a la Junta Directiva del Ateneo, como presidenta de la Sección de Literatura, que es un precedente, una mujer en&hellip;
