{"id":1265,"date":"2020-12-13T20:13:06","date_gmt":"2020-12-13T20:13:06","guid":{"rendered":"http:\/\/www.matildecamus.com\/?page_id=1265"},"modified":"2021-01-30T18:46:19","modified_gmt":"2021-01-30T18:46:19","slug":"matilde-camus-2","status":"publish","type":"page","link":"https:\/\/www.matildecamus.com\/?page_id=1265","title":{"rendered":"CALLA (CANCI\u00d3N DE AMOR 1980)"},"content":{"rendered":"\n<section class=\"wp-block-uagb-columns uagb-columns__wrap uagb-columns__background-undefined uagb-columns__stack-mobile uagb-columns__valign-undefined uagb-columns__gap-10 alignundefined uagb-block-cd668914\"><div class=\"uagb-columns__overlay\"><\/div><div class=\"uagb-columns__inner-wrap uagb-columns__columns-2\">\n<div class=\"wp-block-uagb-column uagb-column__wrap uagb-column__background-undefined uagb-block-9a6163d7\"><div class=\"uagb-column__overlay\"><\/div><div class=\"uagb-column__inner-wrap\">\n<figure class=\"wp-block-image size-large is-resized\"><a href=\"http:\/\/www.matildecamus.com\/wp-content\/uploads\/2021\/01\/1-Matrimonio.jpg\"><img loading=\"lazy\" decoding=\"async\" src=\"http:\/\/www.matildecamus.com\/wp-content\/uploads\/2021\/01\/1-Matrimonio-1005x1024.jpg\" alt=\"\" class=\"wp-image-2365\" width=\"356\" height=\"363\" srcset=\"https:\/\/www.matildecamus.com\/wp-content\/uploads\/2021\/01\/1-Matrimonio-1005x1024.jpg 1005w, https:\/\/www.matildecamus.com\/wp-content\/uploads\/2021\/01\/1-Matrimonio-295x300.jpg 295w, https:\/\/www.matildecamus.com\/wp-content\/uploads\/2021\/01\/1-Matrimonio-768x782.jpg 768w, https:\/\/www.matildecamus.com\/wp-content\/uploads\/2021\/01\/1-Matrimonio.jpg 1356w\" sizes=\"auto, (max-width: 356px) 100vw, 356px\" \/><\/a><figcaption>Matilde Camus y su esposo en un homenaje que le tribut\u00f3 la Tuna como Madrina de Honor.<\/figcaption><\/figure>\n<\/div><\/div>\n\n\n\n<div class=\"wp-block-uagb-column uagb-column__wrap uagb-column__background-undefined uagb-block-ab58b124\"><div class=\"uagb-column__overlay\"><\/div><div class=\"uagb-column__inner-wrap\">\n<h5 class=\"has-normal-font-size wp-block-heading\">Comentario al poema de amor:<\/h5>\n\n\n\n<p>&nbsp;<strong>CALLA&nbsp;<\/strong>Es un poema que aparece por primera vez en el a\u00f1o 1976 en el libro <strong>SIEMPRE AMOR<\/strong>, dedicado, como otros muchos a su esposo por Matilde Camus, era, sin embargo el favorito de \u00e9ste, quien se lo hizo grabar en porcelana y enmarcar y estuvo siempre en el dormitorio del matrimonio.<\/p>\n\n\n\n<p>En el a\u00f1o <strong>1980<\/strong> fu\u00e9 puesto m\u00fasica por el Maestro V\u00e9lez Camarero, Director de la Banda Municipal de Santander, ha sido cantado por diversas sopranos, acompa\u00f1ado al piano.<\/p>\n\n\n\n<p>En el a\u00f1o <strong>2019<\/strong> en los Homenajes &#8211; Recitales diversos que se hicieron con motivo del Centenario de Matilde Camus por diversos Centros Culturales, en los que su hija recit\u00f3 los poemas;  en el realizado en el Ateneo de Santander, fu\u00e9 interpretado esta Canci\u00f3n de amor al piano por <strong>D. Cesar Vinagrero,&nbsp;<\/strong> Profesor y Director del Orfe\u00f3n C\u00e1ntabro y cantada por la soprano Do\u00f1a Sara Pardo.<\/p>\n<\/div><\/div>\n<\/div><\/section>\n\n\n\n<section class=\"wp-block-uagb-columns uagb-columns__wrap uagb-columns__background-undefined uagb-columns__stack-mobile uagb-columns__valign-undefined uagb-columns__gap-10 alignundefined uagb-block-f829c70d\"><div class=\"uagb-columns__overlay\"><\/div><div class=\"uagb-columns__inner-wrap uagb-columns__columns-1\">\n<div class=\"wp-block-uagb-column uagb-column__wrap uagb-column__background-undefined uagb-block-4a50c2b9\"><div class=\"uagb-column__overlay\"><\/div><div class=\"uagb-column__inner-wrap\">\n<p class=\"has-text-align-center has-medium-font-size\" id=\"block-2b75571a-e97d-4587-a4b8-ac6b8b7cef39\">CALLA<\/p>\n\n\n\n<p class=\"has-text-align-center has-normal-font-size\" id=\"block-2b75571a-e97d-4587-a4b8-ac6b8b7cef39\"><br>Calla,<br>                                               no hables esta noche.<br>                                                           Deja que las sombras pasen<br>                                                       entre tu cuerpo y el m\u00edo.<br>                                                               Formemos un mundo aparte.<\/p>\n\n\n\n<p class=\"has-text-align-center has-normal-font-size\" id=\"block-2b75571a-e97d-4587-a4b8-ac6b8b7cef39\"><br> \u00a0Calla,<br>                                                  que amor es silencio.<br>                                                      lleva locura de sangre<br>                                                             y su rinc\u00f3n es tan nuestro<br>                                                             que no queremos a nadie.<\/p>\n\n\n\n<p class=\"has-text-align-center has-normal-font-size\" id=\"block-2b75571a-e97d-4587-a4b8-ac6b8b7cef39\"><br> &nbsp;Calla,<br>                                                      que los peces duermen.<br>                                                                          Silencio, que pasa el aire                 <br>                                                               y en nuestro tiempo callado<br>                                                              su presencia ya es bastante.<\/p>\n<\/div><\/div>\n<\/div><\/section>\n","protected":false},"excerpt":{"rendered":"<p>Comentario al poema de amor: &nbsp;CALLA&nbsp;Es un poema que aparece por primera vez en el a\u00f1o 1976 en el libro SIEMPRE AMOR, dedicado, como otros muchos a su esposo por Matilde Camus, era, sin embargo el favorito de \u00e9ste, quien se lo hizo grabar en porcelana y enmarcar y estuvo siempre en el dormitorio del [&hellip;]<\/p>\n","protected":false},"author":1,"featured_media":0,"parent":0,"menu_order":0,"comment_status":"closed","ping_status":"open","template":"","meta":{"_uag_custom_page_level_css":"","_monsterinsights_skip_tracking":false,"_monsterinsights_sitenote_active":false,"_monsterinsights_sitenote_note":"","_monsterinsights_sitenote_category":0,"site-sidebar-layout":"no-sidebar","site-content-layout":"default","ast-site-content-layout":"default","site-content-style":"default","site-sidebar-style":"default","ast-global-header-display":"","ast-banner-title-visibility":"","ast-main-header-display":"","ast-hfb-above-header-display":"","ast-hfb-below-header-display":"","ast-hfb-mobile-header-display":"","site-post-title":"","ast-breadcrumbs-content":"","ast-featured-img":"","footer-sml-layout":"","ast-disable-related-posts":"","theme-transparent-header-meta":"default","adv-header-id-meta":"","stick-header-meta":"","header-above-stick-meta":"","header-main-stick-meta":"","header-below-stick-meta":"","astra-migrate-meta-layouts":"default","ast-page-background-enabled":"default","ast-page-background-meta":{"desktop":{"background-color":"","background-image":"","background-repeat":"repeat","background-position":"center center","background-size":"auto","background-attachment":"scroll","background-type":"","background-media":"","overlay-type":"","overlay-color":"","overlay-opacity":"","overlay-gradient":""},"tablet":{"background-color":"","background-image":"","background-repeat":"repeat","background-position":"center center","background-size":"auto","background-attachment":"scroll","background-type":"","background-media":"","overlay-type":"","overlay-color":"","overlay-opacity":"","overlay-gradient":""},"mobile":{"background-color":"","background-image":"","background-repeat":"repeat","background-position":"center center","background-size":"auto","background-attachment":"scroll","background-type":"","background-media":"","overlay-type":"","overlay-color":"","overlay-opacity":"","overlay-gradient":""}},"ast-content-background-meta":{"desktop":{"background-color":"var(--ast-global-color-5)","background-image":"","background-repeat":"repeat","background-position":"center center","background-size":"auto","background-attachment":"scroll","background-type":"","background-media":"","overlay-type":"","overlay-color":"","overlay-opacity":"","overlay-gradient":""},"tablet":{"background-color":"var(--ast-global-color-5)","background-image":"","background-repeat":"repeat","background-position":"center center","background-size":"auto","background-attachment":"scroll","background-type":"","background-media":"","overlay-type":"","overlay-color":"","overlay-opacity":"","overlay-gradient":""},"mobile":{"background-color":"var(--ast-global-color-5)","background-image":"","background-repeat":"repeat","background-position":"center center","background-size":"auto","background-attachment":"scroll","background-type":"","background-media":"","overlay-type":"","overlay-color":"","overlay-opacity":"","overlay-gradient":""}},"footnotes":""},"class_list":["post-1265","page","type-page","status-publish","hentry"],"uagb_featured_image_src":{"full":false,"thumbnail":false,"medium":false,"medium_large":false,"large":false,"1536x1536":false,"2048x2048":false},"uagb_author_info":{"display_name":"Matilde","author_link":"https:\/\/www.matildecamus.com\/?author=1"},"uagb_comment_info":0,"uagb_excerpt":"Comentario al poema de amor: &nbsp;CALLA&nbsp;Es un poema que aparece por primera vez en el a\u00f1o 1976 en el libro SIEMPRE AMOR, dedicado, como otros muchos a su esposo por Matilde Camus, era, sin embargo el favorito de \u00e9ste, quien se lo hizo grabar en porcelana y enmarcar y estuvo siempre en el dormitorio del&hellip;","_links":{"self":[{"href":"https:\/\/www.matildecamus.com\/index.php?rest_route=\/wp\/v2\/pages\/1265","targetHints":{"allow":["GET"]}}],"collection":[{"href":"https:\/\/www.matildecamus.com\/index.php?rest_route=\/wp\/v2\/pages"}],"about":[{"href":"https:\/\/www.matildecamus.com\/index.php?rest_route=\/wp\/v2\/types\/page"}],"author":[{"embeddable":true,"href":"https:\/\/www.matildecamus.com\/index.php?rest_route=\/wp\/v2\/users\/1"}],"replies":[{"embeddable":true,"href":"https:\/\/www.matildecamus.com\/index.php?rest_route=%2Fwp%2Fv2%2Fcomments&post=1265"}],"version-history":[{"count":24,"href":"https:\/\/www.matildecamus.com\/index.php?rest_route=\/wp\/v2\/pages\/1265\/revisions"}],"predecessor-version":[{"id":3690,"href":"https:\/\/www.matildecamus.com\/index.php?rest_route=\/wp\/v2\/pages\/1265\/revisions\/3690"}],"wp:attachment":[{"href":"https:\/\/www.matildecamus.com\/index.php?rest_route=%2Fwp%2Fv2%2Fmedia&parent=1265"}],"curies":[{"name":"wp","href":"https:\/\/api.w.org\/{rel}","templated":true}]}}

CALLA (CANCIÓN DE AMOR 1980)

<section class="wp-block-uagb-columns uagb-columns__wrap uagb-columns__background-undefined uagb-columns__stack-mobile uagb-columns__valign-undefined uagb-columns__gap-10 alignundefined uagb-block-cd668914"><div class="uagb-columns__overlay"></div><div class="uagb-columns__inner-wrap uagb-columns__columns-2">
<div class="wp-block-uagb-column uagb-column__wrap uagb-column__background-undefined uagb-block-9a6163d7"><div class="uagb-column__overlay"></div><div class="uagb-column__inner-wrap">
<figure class="wp-block-image size-large is-resized"><a href="http://www.matildecamus.com/wp-content/uploads/2021/01/1-Matrimonio.jpg"><img loading="lazy" decoding="async" src="http://www.matildecamus.com/wp-content/uploads/2021/01/1-Matrimonio-1005x1024.jpg" alt="" class="wp-image-2365" width="356" height="363" srcset="https://www.matildecamus.com/wp-content/uploads/2021/01/1-Matrimonio-1005x1024.jpg 1005w, https://www.matildecamus.com/wp-content/uploads/2021/01/1-Matrimonio-295x300.jpg 295w, https://www.matildecamus.com/wp-content/uploads/2021/01/1-Matrimonio-768x782.jpg 768w, https://www.matildecamus.com/wp-content/uploads/2021/01/1-Matrimonio.jpg 1356w" sizes="auto, (max-width: 356px) 100vw, 356px" /></a><figcaption>Matilde Camus y su esposo en un homenaje que le tributó la Tuna como Madrina de Honor.</figcaption></figure>
</div></div>



<div class="wp-block-uagb-column uagb-column__wrap uagb-column__background-undefined uagb-block-ab58b124"><div class="uagb-column__overlay"></div><div class="uagb-column__inner-wrap">
<h5 class="has-normal-font-size wp-block-heading">Comentario al poema de amor:</h5>



<p>&nbsp;<strong>CALLA&nbsp;</strong>Es un poema que aparece por primera vez en el año 1976 en el libro <strong>SIEMPRE AMOR</strong>, dedicado, como otros muchos a su esposo por Matilde Camus, era, sin embargo el favorito de éste, quien se lo hizo grabar en porcelana y enmarcar y estuvo siempre en el dormitorio del matrimonio.</p>



<p>En el año <strong>1980</strong> fué puesto música por el Maestro Vélez Camarero, Director de la Banda Municipal de Santander, ha sido cantado por diversas sopranos, acompañado al piano.</p>



<p>En el año <strong>2019</strong> en los Homenajes &#8211; Recitales diversos que se hicieron con motivo del Centenario de Matilde Camus por diversos Centros Culturales, en los que su hija recitó los poemas;  en el realizado en el Ateneo de Santander, fué interpretado esta Canción de amor al piano por <strong>D. Cesar Vinagrero,&nbsp;</strong> Profesor y Director del Orfeón Cántabro y cantada por la soprano Doña Sara Pardo.</p>
</div></div>
</div></section>



<section class="wp-block-uagb-columns uagb-columns__wrap uagb-columns__background-undefined uagb-columns__stack-mobile uagb-columns__valign-undefined uagb-columns__gap-10 alignundefined uagb-block-f829c70d"><div class="uagb-columns__overlay"></div><div class="uagb-columns__inner-wrap uagb-columns__columns-1">
<div class="wp-block-uagb-column uagb-column__wrap uagb-column__background-undefined uagb-block-4a50c2b9"><div class="uagb-column__overlay"></div><div class="uagb-column__inner-wrap">
<p class="has-text-align-center has-medium-font-size" id="block-2b75571a-e97d-4587-a4b8-ac6b8b7cef39">CALLA</p>



<p class="has-text-align-center has-normal-font-size" id="block-2b75571a-e97d-4587-a4b8-ac6b8b7cef39"><br>Calla,<br>                                               no hables esta noche.<br>                                                           Deja que las sombras pasen<br>                                                       entre tu cuerpo y el mío.<br>                                                               Formemos un mundo aparte.</p>



<p class="has-text-align-center has-normal-font-size" id="block-2b75571a-e97d-4587-a4b8-ac6b8b7cef39"><br>  Calla,<br>                                                  que amor es silencio.<br>                                                      lleva locura de sangre<br>                                                             y su rincón es tan nuestro<br>                                                             que no queremos a nadie.</p>



<p class="has-text-align-center has-normal-font-size" id="block-2b75571a-e97d-4587-a4b8-ac6b8b7cef39"><br> &nbsp;Calla,<br>                                                      que los peces duermen.<br>                                                                          Silencio, que pasa el aire                 <br>                                                               y en nuestro tiempo callado<br>                                                              su presencia ya es bastante.</p>
</div></div>
</div></section>

<p>Comentario al poema de amor: &nbsp;CALLA&nbsp;Es un poema que aparece por primera vez en el año 1976 en el libro SIEMPRE AMOR, dedicado, como otros muchos a su esposo por Matilde Camus, era, sin embargo el favorito de éste, quien se lo hizo grabar en porcelana y enmarcar y estuvo siempre en el dormitorio del [&hellip;]</p>

Comentario al poema de amor: &nbsp;CALLA&nbsp;Es un poema que aparece por primera vez en el año 1976 en el libro SIEMPRE AMOR, dedicado, como otros muchos a su esposo por Matilde Camus, era, sin embargo el favorito de éste, quien se lo hizo grabar en porcelana y enmarcar y estuvo siempre en el dormitorio del&hellip;
